Last updated on 2025-04-29 13:51:38 CEST.
Flavor | Version | Tinstall | Tcheck | Ttotal | Status | Flags |
---|---|---|---|---|---|---|
r-devel-linux-x86_64-debian-clang | 0.1.1.1 | 3.43 | 28.56 | 31.99 | NOTE | |
r-devel-linux-x86_64-debian-gcc | 0.1.1.1 | 2.37 | 22.44 | 24.81 | NOTE | |
r-devel-linux-x86_64-fedora-clang | 0.1.1.1 | 49.94 | OK | |||
r-devel-linux-x86_64-fedora-gcc | 0.1.1.1 | 48.92 | OK | |||
r-devel-windows-x86_64 | 0.1.1.1 | 4.00 | 53.00 | 57.00 | OK | |
r-patched-linux-x86_64 | 0.1.1.1 | 3.49 | 28.28 | 31.77 | OK | |
r-release-linux-x86_64 | 0.1.1.1 | 3.36 | 28.15 | 31.51 | OK | |
r-release-macos-arm64 | 0.1.1.1 | 21.00 | OK | |||
r-release-macos-x86_64 | 0.1.1.1 | 42.00 | OK | |||
r-release-windows-x86_64 | 0.1.1.1 | 4.00 | 54.00 | 58.00 | OK | |
r-oldrel-macos-arm64 | 0.1.1.1 | 19.00 | OK | |||
r-oldrel-macos-x86_64 | 0.1.1.1 | 35.00 | OK | |||
r-oldrel-windows-x86_64 | 0.1.1.1 | 4.00 | 53.00 | 57.00 | OK |
Version: 0.1.1.1
Check: CRAN incoming feasibility
Result: NOTE
Maintainer: ‘Md Ashad Alam <malam@tulane.edu>’
No Authors@R field in DESCRIPTION.
Please add one, modifying
Authors@R: person(given = c("Md", "Ashad"),
family = "Alam",
role = c("aut", "cre"),
email = "malam@tulane.edu")
as necessary.
Flavors: r-devel-linux-x86_64-debian-clang, r-devel-linux-x86_64-debian-gcc