Last updated on 2025-04-29 13:51:38 CEST.
Flavor | Version | Tinstall | Tcheck | Ttotal | Status | Flags |
---|---|---|---|---|---|---|
r-devel-linux-x86_64-debian-clang | 1.0 | 2.72 | 23.82 | 26.54 | NOTE | |
r-devel-linux-x86_64-debian-gcc | 1.0 | 1.97 | 19.17 | 21.14 | NOTE | |
r-devel-linux-x86_64-fedora-clang | 1.0 | 40.46 | OK | |||
r-devel-linux-x86_64-fedora-gcc | 1.0 | 39.66 | OK | |||
r-devel-windows-x86_64 | 1.0 | 4.00 | 48.00 | 52.00 | OK | |
r-patched-linux-x86_64 | 1.0 | 3.06 | 23.17 | 26.23 | OK | |
r-release-linux-x86_64 | 1.0 | 2.54 | 22.81 | 25.35 | OK | |
r-release-macos-arm64 | 1.0 | 18.00 | OK | |||
r-release-macos-x86_64 | 1.0 | 34.00 | OK | |||
r-release-windows-x86_64 | 1.0 | 4.00 | 48.00 | 52.00 | OK | |
r-oldrel-macos-arm64 | 1.0 | 16.00 | OK | |||
r-oldrel-macos-x86_64 | 1.0 | 37.00 | OK | |||
r-oldrel-windows-x86_64 | 1.0 | 3.00 | 48.00 | 51.00 | OK |
Version: 1.0
Check: CRAN incoming feasibility
Result: NOTE
Maintainer: ‘Wei-Min Wang <wmwang@gmail.com>’
No Authors@R field in DESCRIPTION.
Please add one, modifying
Authors@R: person(given = "Wei-Min",
family = "Wang",
role = c("aut", "cre"),
email = "wmwang@gmail.com")
as necessary.
Flavors: r-devel-linux-x86_64-debian-clang, r-devel-linux-x86_64-debian-gcc