Last updated on 2025-11-16 06:49:52 CET.
| Flavor | Version | Tinstall | Tcheck | Ttotal | Status | Flags |
|---|---|---|---|---|---|---|
| r-devel-linux-x86_64-debian-clang | 2.0 | 10.13 | 93.40 | 103.53 | NOTE | |
| r-devel-linux-x86_64-debian-gcc | 2.0 | 7.75 | 64.09 | 71.84 | NOTE | |
| r-devel-linux-x86_64-fedora-clang | 2.0 | 27.00 | 136.33 | 163.33 | OK | |
| r-devel-linux-x86_64-fedora-gcc | 2.0 | 30.00 | 127.47 | 157.47 | OK | |
| r-devel-windows-x86_64 | 2.0 | 16.00 | 99.00 | 115.00 | OK | |
| r-patched-linux-x86_64 | 2.0 | 11.35 | 88.96 | 100.31 | OK | |
| r-release-linux-x86_64 | 2.0 | 11.03 | 87.17 | 98.20 | OK | |
| r-release-macos-arm64 | 2.0 | 4.00 | 34.00 | 38.00 | OK | |
| r-release-macos-x86_64 | 2.0 | 9.00 | 65.00 | 74.00 | OK | |
| r-release-windows-x86_64 | 2.0 | 12.00 | 98.00 | 110.00 | OK | |
| r-oldrel-macos-arm64 | 2.0 | 5.00 | 31.00 | 36.00 | OK | |
| r-oldrel-macos-x86_64 | 2.0 | 7.00 | 54.00 | 61.00 | OK | |
| r-oldrel-windows-x86_64 | 2.0 | 17.00 | 123.00 | 140.00 | OK |
Version: 2.0
Check: CRAN incoming feasibility
Result: NOTE
Maintainer: ‘Sara Viviani <sara.viviani@yahoo.it>’
No Authors@R field in DESCRIPTION.
Please add one, modifying
Authors@R: c(person(given = "Carlo",
family = "Cafiero",
role = "aut"),
person(given = "Sara",
family = "Viviani",
role = c("aut", "cre"),
email = "sara.viviani@yahoo.it"),
person(given = "Mark",
family = "Nord",
role = "aut"))
as necessary.
Found the following \keyword or \concept entries
which likely give several index terms:
File ‘RM.weights-package.Rd’:
\keyword{ Conditional maximum likelihood, Rasch mo [TRUNCATED]
Flavors: r-devel-linux-x86_64-debian-clang, r-devel-linux-x86_64-debian-gcc