Last updated on 2025-11-16 18:49:43 CET.
| Flavor | Version | Tinstall | Tcheck | Ttotal | Status | Flags |
|---|---|---|---|---|---|---|
| r-devel-linux-x86_64-debian-clang | 1.0-1 | 6.55 | 481.21 | 487.76 | NOTE | |
| r-devel-linux-x86_64-debian-gcc | 1.0-1 | 4.58 | 306.71 | 311.29 | NOTE | |
| r-devel-linux-x86_64-fedora-clang | 1.0-1 | 14.00 | 63.62 | 77.62 | NOTE | |
| r-devel-linux-x86_64-fedora-gcc | 1.0-1 | 13.00 | 60.56 | 73.56 | NOTE | |
| r-devel-windows-x86_64 | 1.0-1 | 49.00 | 346.00 | 395.00 | NOTE | |
| r-patched-linux-x86_64 | 1.0-1 | 7.59 | 453.55 | 461.14 | NOTE | |
| r-release-linux-x86_64 | 1.0-1 | 5.01 | 455.23 | 460.24 | NOTE | |
| r-release-macos-arm64 | 1.0-1 | 3.00 | 22.00 | 25.00 | NOTE | |
| r-release-macos-x86_64 | 1.0-1 | 5.00 | 40.00 | 45.00 | NOTE | |
| r-release-windows-x86_64 | 1.0-1 | 31.00 | 345.00 | 376.00 | NOTE | |
| r-oldrel-macos-arm64 | 1.0-1 | 3.00 | 23.00 | 26.00 | NOTE | |
| r-oldrel-macos-x86_64 | 1.0-1 | 4.00 | 32.00 | 36.00 | NOTE | |
| r-oldrel-windows-x86_64 | 1.0-1 | 51.00 | 445.00 | 496.00 | NOTE |
Version: 1.0-1
Check: Rd files
Result: NOTE
checkRd: (-1) ROI_plugin_build_equality_constraints.Rd:27: Lost braces in \enumerate; meant \describe ?
checkRd: (-1) ROI_plugin_build_equality_constraints.Rd:28: Lost braces in \enumerate; meant \describe ?
checkRd: (-1) ROI_plugin_build_inequality_constraints.Rd:27: Lost braces in \enumerate; meant \describe ?
checkRd: (-1) ROI_plugin_build_inequality_constraints.Rd:28: Lost braces in \enumerate; meant \describe ?
checkRd: (-1) ROI_plugin_build_inequality_constraints.Rd:29: Lost braces in \enumerate; meant \describe ?
checkRd: (-1) ROI_solve.Rd:26: Lost braces in \itemize; \value handles \item{}{} directly
checkRd: (-1) ROI_solve.Rd:27: Lost braces in \itemize; \value handles \item{}{} directly
checkRd: (-1) ROI_solve.Rd:28-30: Lost braces in \itemize; \value handles \item{}{} directly
checkRd: (-1) ROI_solve.Rd:31: Lost braces in \itemize; \value handles \item{}{} directly
Flavors: r-devel-linux-x86_64-debian-clang, r-devel-linux-x86_64-debian-gcc, r-devel-linux-x86_64-fedora-clang, r-devel-linux-x86_64-fedora-gcc, r-devel-windows-x86_64, r-patched-linux-x86_64, r-release-linux-x86_64, r-release-macos-arm64, r-release-macos-x86_64, r-release-windows-x86_64, r-oldrel-macos-arm64, r-oldrel-macos-x86_64, r-oldrel-windows-x86_64