CRAN Package Check Results for Package RPMM

Last updated on 2025-04-29 13:51:38 CEST.

Flavor Version Tinstall Tcheck Ttotal Status Flags
r-devel-linux-x86_64-debian-clang 1.25 3.60 31.44 35.04 NOTE
r-devel-linux-x86_64-debian-gcc 1.25 2.35 23.54 25.89 NOTE
r-devel-linux-x86_64-fedora-clang 1.25 53.56 NOTE
r-devel-linux-x86_64-fedora-gcc 1.25 51.57 NOTE
r-devel-windows-x86_64 1.25 5.00 56.00 61.00 NOTE
r-patched-linux-x86_64 1.25 4.61 29.94 34.55 NOTE
r-release-linux-x86_64 1.25 3.62 29.44 33.06 NOTE
r-release-macos-arm64 1.25 18.00 NOTE
r-release-macos-x86_64 1.25 33.00 NOTE
r-release-windows-x86_64 1.25 5.00 60.00 65.00 NOTE
r-oldrel-macos-arm64 1.25 17.00 NOTE
r-oldrel-macos-x86_64 1.25 25.00 NOTE
r-oldrel-windows-x86_64 1.25 5.00 62.00 67.00 NOTE

Check Details

Version: 1.25
Check: CRAN incoming feasibility
Result: NOTE Maintainer: ‘E. Andres Houseman <eahouseman@gmail.com>’ No Authors@R field in DESCRIPTION. Please add one, modifying Authors@R: c(person(given = c("E.", "Andres"), family = "Houseman", role = c("aut", "cre"), email = "eahouseman@gmail.com"), person(family = "Sc.D.", role = "aut"), person(given = c("Devin", "C."), family = "Koestler", role = "aut"), person(family = "Ph.D.", role = "aut")) as necessary. Flavors: r-devel-linux-x86_64-debian-clang, r-devel-linux-x86_64-debian-gcc

Version: 1.25
Check: Rd files
Result: NOTE checkRd: (-1) plotImage.blcTree.Rd:17: Lost braces 17 | \item{method}{Method to determine width of columns that represent classes: \dQuote{weight} (subject weight in class) or dQuote{binary} (depth in tree).} | ^ checkRd: (-1) plotImage.glcTree.Rd:16: Lost braces 16 | \item{method}{Method to determine width of columns that represent classes: \dQuote{weight} (subject weight in class) or dQuote{binary} (depth in tree).} | ^ Flavors: r-devel-linux-x86_64-debian-clang, r-devel-linux-x86_64-debian-gcc, r-devel-linux-x86_64-fedora-clang, r-devel-linux-x86_64-fedora-gcc, r-devel-windows-x86_64, r-patched-linux-x86_64, r-release-linux-x86_64, r-release-macos-arm64, r-release-macos-x86_64, r-release-windows-x86_64, r-oldrel-macos-arm64, r-oldrel-macos-x86_64, r-oldrel-windows-x86_64