Last updated on 2024-06-27 10:49:41 CEST.
Flavor | Version | Tinstall | Tcheck | Ttotal | Status | Flags |
---|---|---|---|---|---|---|
r-devel-linux-x86_64-debian-clang | 1.4.7 | NOTE | ||||
r-devel-linux-x86_64-debian-gcc | 1.4.7 | 50.29 | 51.22 | 101.51 | NOTE | |
r-devel-linux-x86_64-fedora-clang | 1.4.7 | 218.47 | NOTE | |||
r-devel-linux-x86_64-fedora-gcc | 1.4.7 | 200.94 | NOTE | |||
r-devel-windows-x86_64 | 1.4.7 | 146.00 | 351.00 | 497.00 | NOTE | |
r-patched-linux-x86_64 | 1.4.7 | 67.63 | 62.71 | 130.34 | OK | |
r-release-linux-x86_64 | 1.4.7 | 61.82 | 62.92 | 124.74 | OK | |
r-release-macos-arm64 | 1.4.7 | 72.00 | NOTE | |||
r-release-macos-x86_64 | 1.4.7 | 79.00 | NOTE | |||
r-release-windows-x86_64 | 1.4.7 | 155.00 | 373.00 | 528.00 | NOTE | |
r-oldrel-macos-arm64 | 1.4.7 | 77.00 | NOTE | |||
r-oldrel-macos-x86_64 | 1.4.7 | 130.00 | NOTE | |||
r-oldrel-windows-x86_64 | 1.4.7 | 174.00 | 376.00 | 550.00 | NOTE |
Version: 1.4.7
Check: compiled code
Result: NOTE
File ‘RPostgres/libs/RPostgres.so’:
Found non-API calls to R: ‘SETLENGTH’, ‘SET_GROWABLE_BIT’,
‘SET_TRUELENGTH’
Compiled code should not call non-API entry points in R.
See ‘Writing portable packages’ in the ‘Writing R Extensions’ manual.
Flavors: r-devel-linux-x86_64-debian-clang, r-devel-linux-x86_64-fedora-clang, r-devel-linux-x86_64-fedora-gcc
Version: 1.4.7
Check: compiled code
Result: NOTE
File ‘RPostgres/libs/RPostgres.so’:
Found non-API calls to R: ‘SETLENGTH’, ‘SET_GROWABLE_BIT’,
‘SET_TRUELENGTH’
Compiled code should not call non-API entry points in R.
See ‘Writing portable packages’ in the ‘Writing R Extensions’ manual.
See section ‘Moving into C API compliance’ in the ‘Writing R
Extensions’ manual for issues with use of non-API entry points.
Flavor: r-devel-linux-x86_64-debian-gcc
Version: 1.4.7
Check: installed package size
Result: NOTE
installed size is 6.5Mb
sub-directories of 1Mb or more:
libs 6.0Mb
Flavors: r-devel-windows-x86_64, r-release-macos-arm64, r-release-macos-x86_64, r-release-windows-x86_64, r-oldrel-macos-arm64, r-oldrel-macos-x86_64, r-oldrel-windows-x86_64
Version: 1.4.7
Check: compiled code
Result: NOTE
File 'RPostgres/libs/x64/RPostgres.dll':
Found non-API calls to R: 'SETLENGTH', 'SET_GROWABLE_BIT',
'SET_TRUELENGTH'
Compiled code should not call non-API entry points in R.
See 'Writing portable packages' in the 'Writing R Extensions' manual.
Flavor: r-devel-windows-x86_64