Last updated on 2024-06-27 16:49:14 CEST.
Flavor | Version | Tinstall | Tcheck | Ttotal | Status | Flags |
---|---|---|---|---|---|---|
r-devel-linux-x86_64-debian-clang | 0.4.22 | NOTE | ||||
r-devel-linux-x86_64-debian-gcc | 0.4.22 | 208.71 | 52.28 | 260.99 | NOTE | |
r-devel-linux-x86_64-fedora-clang | 0.4.22 | 560.48 | NOTE | |||
r-devel-linux-x86_64-fedora-gcc | 0.4.22 | 642.66 | NOTE | |||
r-devel-windows-x86_64 | 0.4.22 | 348.00 | 180.00 | 528.00 | NOTE | |
r-patched-linux-x86_64 | 0.4.22 | 271.82 | 66.63 | 338.45 | OK | |
r-release-linux-x86_64 | 0.4.22 | 277.88 | 67.41 | 345.29 | OK | |
r-release-macos-arm64 | 0.4.22 | 97.00 | NOTE | |||
r-release-macos-x86_64 | 0.4.22 | 117.00 | NOTE | |||
r-release-windows-x86_64 | 0.4.22 | 357.00 | 206.00 | 563.00 | NOTE | |
r-oldrel-macos-arm64 | 0.4.22 | 127.00 | NOTE | |||
r-oldrel-macos-x86_64 | 0.4.22 | 249.00 | NOTE | |||
r-oldrel-windows-x86_64 | 0.4.22 | 312.00 | 190.00 | 502.00 | NOTE |
Version: 0.4.22
Check: compiled code
Result: NOTE
File ‘RProtoBuf/libs/RProtoBuf.so’:
Found non-API call to R: ‘SET_TYPEOF’
Compiled code should not call non-API entry points in R.
See ‘Writing portable packages’ in the ‘Writing R Extensions’ manual.
Flavors: r-devel-linux-x86_64-debian-clang, r-devel-linux-x86_64-fedora-clang, r-devel-linux-x86_64-fedora-gcc
Version: 0.4.22
Check: compiled code
Result: NOTE
File ‘RProtoBuf/libs/RProtoBuf.so’:
Found non-API call to R: ‘SET_TYPEOF’
Compiled code should not call non-API entry points in R.
See ‘Writing portable packages’ in the ‘Writing R Extensions’ manual.
See section ‘Moving into C API compliance’ in the ‘Writing R
Extensions’ manual for issues with use of non-API entry points.
Flavor: r-devel-linux-x86_64-debian-gcc
Version: 0.4.22
Check: installed package size
Result: NOTE
installed size is 5.3Mb
sub-directories of 1Mb or more:
libs 4.0Mb
Flavors: r-devel-windows-x86_64, r-release-macos-arm64, r-release-macos-x86_64, r-release-windows-x86_64, r-oldrel-macos-arm64, r-oldrel-macos-x86_64, r-oldrel-windows-x86_64
Version: 0.4.22
Check: compiled code
Result: NOTE
File 'RProtoBuf/libs/x64/RProtoBuf.dll':
Found non-API call to R: 'SET_TYPEOF'
Compiled code should not call non-API entry points in R.
See 'Writing portable packages' in the 'Writing R Extensions' manual.
Flavor: r-devel-windows-x86_64