Last updated on 2025-11-16 00:48:44 CET.
| Flavor | Version | Tinstall | Tcheck | Ttotal | Status | Flags |
|---|---|---|---|---|---|---|
| r-devel-linux-x86_64-debian-clang | 1.1.1 | 3.08 | 73.64 | 76.72 | OK | |
| r-devel-linux-x86_64-debian-gcc | 1.1.1 | 2.24 | 53.19 | 55.43 | NOTE | |
| r-devel-linux-x86_64-fedora-clang | 1.1.1 | 121.95 | OK | |||
| r-devel-linux-x86_64-fedora-gcc | 1.1.1 | 130.10 | OK | |||
| r-devel-windows-x86_64 | 1.1.1 | 6.00 | 88.00 | 94.00 | OK | |
| r-patched-linux-x86_64 | 1.1.1 | 3.45 | 70.14 | 73.59 | OK | |
| r-release-linux-x86_64 | 1.1.1 | 2.48 | 69.97 | 72.45 | OK | |
| r-release-macos-arm64 | 1.1.1 | 1.00 | 45.00 | 46.00 | OK | |
| r-release-macos-x86_64 | 1.1.1 | 3.00 | 81.00 | 84.00 | OK | |
| r-release-windows-x86_64 | 1.1.1 | 5.00 | 87.00 | 92.00 | OK | |
| r-oldrel-macos-arm64 | 1.1.1 | 2.00 | 45.00 | 47.00 | OK | |
| r-oldrel-macos-x86_64 | 1.1.1 | 2.00 | 68.00 | 70.00 | OK | |
| r-oldrel-windows-x86_64 | 1.1.1 | 6.00 | 109.00 | 115.00 | OK |
Version: 1.1.1
Check: CRAN incoming feasibility
Result: NOTE
Maintainer: ‘Yangzhuoran Fin Yang <yangyangzhuoran@gmail.com>’
The BugReports field in DESCRIPTION has
https://github.com/FinYang/RRRR/issues/
which should likely be
https://github.com/FinYang/RRRR/issues/issues
instead.
Flavor: r-devel-linux-x86_64-debian-gcc