Last updated on 2025-04-29 13:51:39 CEST.
Flavor | Version | Tinstall | Tcheck | Ttotal | Status | Flags |
---|---|---|---|---|---|---|
r-devel-linux-x86_64-debian-clang | 1.0 | 2.19 | 25.78 | 27.97 | NOTE | |
r-devel-linux-x86_64-debian-gcc | 1.0 | 1.63 | 20.08 | 21.71 | NOTE | |
r-devel-linux-x86_64-fedora-clang | 1.0 | 42.91 | NOTE | |||
r-devel-linux-x86_64-fedora-gcc | 1.0 | 42.27 | NOTE | |||
r-devel-windows-x86_64 | 1.0 | 3.00 | 50.00 | 53.00 | OK | |
r-patched-linux-x86_64 | 1.0 | 2.27 | 24.53 | 26.80 | NOTE | |
r-release-linux-x86_64 | 1.0 | 1.80 | 24.94 | 26.74 | NOTE | |
r-release-macos-arm64 | 1.0 | 20.00 | OK | |||
r-release-macos-x86_64 | 1.0 | 43.00 | OK | |||
r-release-windows-x86_64 | 1.0 | 4.00 | 52.00 | 56.00 | OK | |
r-oldrel-macos-arm64 | 1.0 | 18.00 | OK | |||
r-oldrel-macos-x86_64 | 1.0 | 40.00 | OK | |||
r-oldrel-windows-x86_64 | 1.0 | 3.00 | 51.00 | 54.00 | OK |
Version: 1.0
Check: CRAN incoming feasibility
Result: NOTE
Maintainer: ‘Wei Jiang <wjiangaa@connect.ust.hk>’
No Authors@R field in DESCRIPTION.
Please add one, modifying
Authors@R: c(person(given = "Wei",
family = "Jiang",
role = c("aut", "cre"),
email = "wjiangaa@connect.ust.hk"),
person(given = "Jing-Hao",
family = "Xue",
role = "aut"),
person(given = "Weichuan",
family = "Yu",
role = "aut"))
as necessary.
Flavors: r-devel-linux-x86_64-debian-clang, r-devel-linux-x86_64-debian-gcc
Version: 1.0
Check: for non-standard things in the check directory
Result: NOTE
Found the following files/directories:
‘HL_H0.pdf’ ‘pi0infer.pdf’ ‘rate.txt’ ‘summary.txt’
Flavors: r-devel-linux-x86_64-debian-clang, r-devel-linux-x86_64-debian-gcc, r-devel-linux-x86_64-fedora-clang, r-devel-linux-x86_64-fedora-gcc, r-patched-linux-x86_64, r-release-linux-x86_64