Last updated on 2025-04-29 13:51:39 CEST.
Flavor | Version | Tinstall | Tcheck | Ttotal | Status | Flags |
---|---|---|---|---|---|---|
r-devel-linux-x86_64-debian-clang | 1.0 | 1.56 | 22.59 | 24.15 | NOTE | |
r-devel-linux-x86_64-debian-gcc | 1.0 | 1.20 | 18.27 | 19.47 | NOTE | |
r-devel-linux-x86_64-fedora-clang | 1.0 | 36.65 | OK | |||
r-devel-linux-x86_64-fedora-gcc | 1.0 | 36.72 | OK | |||
r-devel-windows-x86_64 | 1.0 | 2.00 | 46.00 | 48.00 | OK | |
r-patched-linux-x86_64 | 1.0 | 1.97 | 21.61 | 23.58 | OK | |
r-release-linux-x86_64 | 1.0 | 1.49 | 21.73 | 23.22 | OK | |
r-release-macos-arm64 | 1.0 | 19.00 | OK | |||
r-release-macos-x86_64 | 1.0 | 33.00 | OK | |||
r-release-windows-x86_64 | 1.0 | 4.00 | 47.00 | 51.00 | OK | |
r-oldrel-macos-arm64 | 1.0 | 17.00 | OK | |||
r-oldrel-macos-x86_64 | 1.0 | 24.00 | OK | |||
r-oldrel-windows-x86_64 | 1.0 | 2.00 | 46.00 | 48.00 | OK |
Version: 1.0
Check: CRAN incoming feasibility
Result: NOTE
Maintainer: ‘Prabhanjan Tattar <prabhanjannt@gmail.com>’
No Authors@R field in DESCRIPTION.
Please add one, modifying
Authors@R: person(given = "Prabhanjan",
family = "Tattar",
role = c("aut", "cre"),
email = "prabhanjannt@gmail.com")
as necessary.
Found the following \keyword or \concept entries
which likely give several index terms:
File ‘CART_Dummy.Rd’:
\keyword{CART, partitions}
File ‘CT.Rd’:
\keyword{smoothing, hanning}
File ‘GC.Rd’:
\keyword{Logistic Regression, Credit data}
File ‘octane.Rd’:
\keyword{Histogram, Stem-and-leaf plots}
Flavors: r-devel-linux-x86_64-debian-clang, r-devel-linux-x86_64-debian-gcc