Last updated on 2025-04-29 13:51:39 CEST.
Flavor | Version | Tinstall | Tcheck | Ttotal | Status | Flags |
---|---|---|---|---|---|---|
r-devel-linux-x86_64-debian-clang | 1.3 | 2.44 | 23.55 | 25.99 | NOTE | |
r-devel-linux-x86_64-debian-gcc | 1.3 | 1.95 | 18.16 | 20.11 | NOTE | |
r-devel-linux-x86_64-fedora-clang | 1.3 | 39.95 | OK | |||
r-devel-linux-x86_64-fedora-gcc | 1.3 | 38.12 | OK | |||
r-devel-windows-x86_64 | 1.3 | 3.00 | 44.00 | 47.00 | OK | |
r-patched-linux-x86_64 | 1.3 | 2.60 | 22.55 | 25.15 | OK | |
r-release-linux-x86_64 | 1.3 | 2.04 | 22.29 | 24.33 | OK | |
r-release-macos-arm64 | 1.3 | 18.00 | OK | |||
r-release-macos-x86_64 | 1.3 | 27.00 | OK | |||
r-release-windows-x86_64 | 1.3 | 6.00 | 44.00 | 50.00 | OK | |
r-oldrel-macos-arm64 | 1.3 | 16.00 | OK | |||
r-oldrel-macos-x86_64 | 1.3 | 30.00 | OK | |||
r-oldrel-windows-x86_64 | 1.3 | 4.00 | 42.00 | 46.00 | OK |
Version: 1.3
Check: CRAN incoming feasibility
Result: NOTE
Maintainer: ‘Youhua Chen <haydi@126.com>’
No Authors@R field in DESCRIPTION.
Please add one, modifying
Authors@R: c(person(given = c("Youhua", "Chen,Tsung-Jen"),
family = "Shen",
role = "aut"),
person(given = "Youhua",
family = "Chen",
role = "cre",
email = "haydi@126.com"))
as necessary.
Flavors: r-devel-linux-x86_64-debian-clang, r-devel-linux-x86_64-debian-gcc