Last updated on 2025-04-29 13:51:39 CEST.
Flavor | Version | Tinstall | Tcheck | Ttotal | Status | Flags |
---|---|---|---|---|---|---|
r-devel-linux-x86_64-debian-clang | 1.1 | 2.53 | 21.11 | 23.64 | NOTE | |
r-devel-linux-x86_64-debian-gcc | 1.1 | 1.70 | 16.65 | 18.35 | NOTE | |
r-devel-linux-x86_64-fedora-clang | 1.1 | 36.02 | OK | |||
r-devel-linux-x86_64-fedora-gcc | 1.1 | 34.62 | OK | |||
r-devel-windows-x86_64 | 1.1 | 3.00 | 39.00 | 42.00 | OK | |
r-patched-linux-x86_64 | 1.1 | 2.67 | 20.10 | 22.77 | OK | |
r-release-linux-x86_64 | 1.1 | 2.52 | 19.95 | 22.47 | OK | |
r-release-macos-arm64 | 1.1 | 16.00 | OK | |||
r-release-macos-x86_64 | 1.1 | 27.00 | OK | |||
r-release-windows-x86_64 | 1.1 | 5.00 | 40.00 | 45.00 | OK | |
r-oldrel-macos-arm64 | 1.1 | 16.00 | OK | |||
r-oldrel-macos-x86_64 | 1.1 | 21.00 | OK | |||
r-oldrel-windows-x86_64 | 1.1 | 4.00 | 38.00 | 42.00 | OK |
Version: 1.1
Check: CRAN incoming feasibility
Result: NOTE
Maintainer: ‘Rezgar Arabzadeh <rezgararabzadeh@ut.ac.ir>’
No Authors@R field in DESCRIPTION.
Please add one, modifying
Authors@R: c(person(given = "Rezgar",
family = "Arabzadeh",
role = c("aut", "cre"),
email = "rezgararabzadeh@ut.ac.ir"),
person(given = "Parisa",
family = "Aberi",
role = "aut"),
person(given = "Kaveh",
family = "Panaghi",
role = "aut"),
person(given = "Shahab",
family = "Araghinejad",
role = "aut"),
person(given = "Majid",
family = "Montaseri",
role = "aut"))
as necessary.
Flavors: r-devel-linux-x86_64-debian-clang, r-devel-linux-x86_64-debian-gcc