CRAN Package Check Results for Package RSmallTelescopes

Last updated on 2025-04-29 13:51:39 CEST.

Flavor Version Tinstall Tcheck Ttotal Status Flags
r-devel-linux-x86_64-debian-clang 1.0.4 1.67 17.46 19.13 OK
r-devel-linux-x86_64-debian-gcc 1.0.4 1.42 14.15 15.57 OK
r-devel-linux-x86_64-fedora-clang 1.0.4 29.48 OK
r-devel-linux-x86_64-fedora-gcc 1.0.4 28.62 OK
r-devel-windows-x86_64 1.0.4 2.00 34.00 36.00 OK
r-patched-linux-x86_64 1.0.4 1.70 16.77 18.47 OK
r-release-linux-x86_64 1.0.4 1.69 16.75 18.44 OK
r-release-macos-arm64 1.0.4 15.00 OK
r-release-macos-x86_64 1.0.4 30.00 OK
r-release-windows-x86_64 1.0.4 5.00 35.00 40.00 OK
r-oldrel-macos-arm64 1.0.4 14.00 NOTE
r-oldrel-macos-x86_64 1.0.4 18.00 NOTE
r-oldrel-windows-x86_64 1.0.4 3.00 35.00 38.00 NOTE

Check Details

Version: 1.0.4
Check: LazyData
Result: NOTE 'LazyData' is specified without a 'data' directory Flavors: r-oldrel-macos-arm64, r-oldrel-macos-x86_64, r-oldrel-windows-x86_64