Last updated on 2024-06-27 10:49:41 CEST.
Flavor | Version | Tinstall | Tcheck | Ttotal | Status | Flags |
---|---|---|---|---|---|---|
r-devel-linux-x86_64-debian-clang | 0.4-46 | OK | ||||
r-devel-linux-x86_64-debian-gcc | 0.4-46 | 7.78 | 82.22 | 90.00 | OK | |
r-devel-linux-x86_64-fedora-clang | 0.4-46 | 155.70 | OK | |||
r-devel-linux-x86_64-fedora-gcc | 0.4-46 | 172.08 | OK | |||
r-devel-windows-x86_64 | 0.4-46 | 9.00 | 111.00 | 120.00 | OK | |
r-patched-linux-x86_64 | 0.4-46 | 9.34 | 110.47 | 119.81 | OK | |
r-release-linux-x86_64 | 0.4-46 | 9.80 | 111.21 | 121.01 | OK | |
r-release-macos-arm64 | 0.4-46 | 49.00 | OK | |||
r-release-macos-x86_64 | 0.4-46 | 71.00 | OK | |||
r-release-windows-x86_64 | 0.4-46 | 8.00 | 110.00 | 118.00 | OK | |
r-oldrel-macos-arm64 | 0.4-46 | 58.00 | OK | |||
r-oldrel-macos-x86_64 | 0.4-46 | 78.00 | NOTE | |||
r-oldrel-windows-x86_64 | 0.4-46 | 10.00 | 121.00 | 131.00 | OK |
Version: 0.4-46
Check: package dependencies
Result: NOTE
Package suggested but not available for checking: ‘partykit’
Flavor: r-oldrel-macos-x86_64
Version: 0.4-46
Check: Rd cross-references
Result: NOTE
Package unavailable to check Rd xrefs: ‘partykit’
Flavor: r-oldrel-macos-x86_64