CRAN Package Check Results for Package RamanMP

Last updated on 2025-04-29 13:51:36 CEST.

Flavor Version Tinstall Tcheck Ttotal Status Flags
r-devel-linux-x86_64-debian-clang 1.0 8.98 83.51 92.49 NOTE
r-devel-linux-x86_64-debian-gcc 1.0 6.55 56.55 63.10 NOTE
r-devel-linux-x86_64-fedora-clang 1.0 129.26 OK
r-devel-linux-x86_64-fedora-gcc 1.0 127.72 OK
r-devel-windows-x86_64 1.0 11.00 96.00 107.00 OK
r-patched-linux-x86_64 1.0 8.71 77.31 86.02 OK
r-release-linux-x86_64 1.0 7.87 76.61 84.48 OK
r-release-macos-arm64 1.0 40.00 OK
r-release-macos-x86_64 1.0 84.00 OK
r-release-windows-x86_64 1.0 12.00 99.00 111.00 OK
r-oldrel-macos-arm64 1.0 41.00 OK
r-oldrel-macos-x86_64 1.0 61.00 OK
r-oldrel-windows-x86_64 1.0 14.00 128.00 142.00 OK

Check Details

Version: 1.0
Check: CRAN incoming feasibility
Result: NOTE Maintainer: ‘Veronica Nava <veronicanava245@gmail.com>’ No Authors@R field in DESCRIPTION. Please add one, modifying Authors@R: c(person(given = "Veronica", family = "Nava", role = c("aut", "cre"), email = "veronicanava245@gmail.com"), person(given = c("Maria", "Luce"), family = "Frezzotti", role = "ctb"), person(given = "Barbara", family = "Leoni", role = "ctb")) as necessary. Package CITATION file contains call(s) to old-style personList() or as.personList(). Please use c() on person objects instead. Package CITATION file contains call(s) to old-style citEntry(). Please use bibentry() instead. Flavors: r-devel-linux-x86_64-debian-clang, r-devel-linux-x86_64-debian-gcc

Version: 1.0
Check: examples
Result: NOTE Examples with CPU (user + system) or elapsed time > 5s user system elapsed spectra.dist.mat 4.203 0.043 5.376 spectra.dist 4.080 0.058 5.209 Flavor: r-devel-linux-x86_64-debian-clang