Last updated on 2025-04-30 07:55:18 CEST.
Flavor | Version | Tinstall | Tcheck | Ttotal | Status | Flags |
---|---|---|---|---|---|---|
r-devel-linux-x86_64-debian-clang | 0.6.6 | 3.19 | 40.77 | 43.96 | NOTE | |
r-devel-linux-x86_64-debian-gcc | 0.6.6 | 2.44 | 29.53 | 31.97 | NOTE | |
r-devel-linux-x86_64-fedora-clang | 0.6.6 | 69.65 | OK | |||
r-devel-linux-x86_64-fedora-gcc | 0.6.6 | 79.63 | OK | |||
r-devel-windows-x86_64 | 0.6.6 | 7.00 | 75.00 | 82.00 | OK | |
r-patched-linux-x86_64 | 0.6.6 | 3.34 | 38.23 | 41.57 | OK | |
r-release-linux-x86_64 | 0.6.6 | 2.99 | 37.33 | 40.32 | OK | |
r-release-macos-arm64 | 0.6.6 | 27.00 | OK | |||
r-release-macos-x86_64 | 0.6.6 | 61.00 | OK | |||
r-release-windows-x86_64 | 0.6.6 | 6.00 | 76.00 | 82.00 | OK | |
r-oldrel-macos-arm64 | 0.6.6 | 34.00 | OK | |||
r-oldrel-macos-x86_64 | 0.6.6 | 63.00 | OK | |||
r-oldrel-windows-x86_64 | 0.6.6 | 8.00 | 82.00 | 90.00 | OK |
Version: 0.6.6
Check: CRAN incoming feasibility
Result: NOTE
Maintainer: ‘Vasyl Pihur <vpihur@gmail.com>’
No Authors@R field in DESCRIPTION.
Please add one, modifying
Authors@R: c(person(given = "Vasyl",
family = "Pihur",
role = c("aut", "cre"),
email = "vpihur@gmail.com"),
person(given = "Somnath",
family = "Datta",
role = "aut",
email = "somnath.datta@louisville.edu"),
person(given = "Susmita",
family = "Datta",
role = "aut",
email = "susmita.datta@louisville.edu"))
as necessary.
Flavors: r-devel-linux-x86_64-debian-clang, r-devel-linux-x86_64-debian-gcc