Last updated on 2025-05-17 07:50:30 CEST.
Flavor | Version | Tinstall | Tcheck | Ttotal | Status | Flags |
---|---|---|---|---|---|---|
r-devel-linux-x86_64-debian-clang | 0.2.3 | 18.10 | 33.37 | 51.47 | OK | |
r-devel-linux-x86_64-debian-gcc | 0.2.3 | 13.52 | 26.21 | 39.73 | OK | |
r-devel-linux-x86_64-fedora-clang | 0.2.3 | 82.61 | NOTE | |||
r-devel-linux-x86_64-fedora-gcc | 0.2.3 | 102.79 | NOTE | |||
r-devel-windows-x86_64 | 0.2.3 | 27.00 | 91.00 | 118.00 | OK | |
r-patched-linux-x86_64 | 0.2.3 | 18.12 | 31.08 | 49.20 | OK | |
r-release-linux-x86_64 | 0.2.3 | 17.76 | 30.86 | 48.62 | OK | |
r-release-macos-arm64 | 0.2.3 | 39.00 | OK | |||
r-release-macos-x86_64 | 0.2.3 | 65.00 | OK | |||
r-release-windows-x86_64 | 0.2.3 | 30.00 | 84.00 | 114.00 | OK | |
r-oldrel-macos-arm64 | 0.2.3 | 50.00 | OK | |||
r-oldrel-macos-x86_64 | 0.2.3 | 81.00 | OK | |||
r-oldrel-windows-x86_64 | 0.2.3 | 28.00 | 93.00 | 121.00 | OK |
Version: 0.2.3
Check: dependencies in R code
Result: NOTE
Namespace in Imports field not imported from: ‘stats’
All declared Imports should be used.
Flavors: r-devel-linux-x86_64-fedora-clang, r-devel-linux-x86_64-fedora-gcc