Last updated on 2025-05-17 13:49:48 CEST.
Flavor | Version | Tinstall | Tcheck | Ttotal | Status | Flags |
---|---|---|---|---|---|---|
r-devel-linux-x86_64-debian-clang | 0.1.9 | 42.43 | 338.21 | 380.64 | NOTE | |
r-devel-linux-x86_64-debian-gcc | 0.1.9 | 29.34 | 216.75 | 246.09 | NOTE | |
r-devel-linux-x86_64-fedora-clang | 0.1.9 | 617.01 | OK | |||
r-devel-linux-x86_64-fedora-gcc | 0.1.9 | 607.00 | OK | |||
r-devel-windows-x86_64 | 0.1.9 | 38.00 | 284.00 | 322.00 | NOTE | |
r-patched-linux-x86_64 | 0.1.9 | 44.53 | 318.84 | 363.37 | NOTE | |
r-release-linux-x86_64 | 0.1.9 | 39.64 | 317.88 | 357.52 | NOTE | |
r-release-macos-arm64 | 0.1.9 | 124.00 | OK | |||
r-release-macos-x86_64 | 0.1.9 | 350.00 | OK | |||
r-release-windows-x86_64 | 0.1.9 | 39.00 | 283.00 | 322.00 | NOTE | |
r-oldrel-macos-arm64 | 0.1.9 | 128.00 | OK | |||
r-oldrel-macos-x86_64 | 0.1.9 | 278.00 | OK | |||
r-oldrel-windows-x86_64 | 0.1.9 | 56.00 | 381.00 | 437.00 | OK |
Version: 0.1.9
Check: CRAN incoming feasibility
Result: NOTE
Maintainer: ‘Robert K. Bauer <rkbauer@hawaii.edu>’
No Authors@R field in DESCRIPTION.
Please add one, modifying
Authors@R: person(given = c("Robert", "K."),
family = "Bauer",
role = c("aut", "cre"),
email = "rkbauer@hawaii.edu")
as necessary.
Flavors: r-devel-linux-x86_64-debian-clang, r-devel-linux-x86_64-debian-gcc
Version: 0.1.9
Check: Rd cross-references
Result: NOTE
Found the following Rd file(s) with Rd \link{} targets missing package
anchors:
classify_DayTime.Rd: sunriset, crepuscule
dy_DepthTS.Rd: dygraph, dyOptions
get_DayTimeLimits.Rd: sunriset, crepuscule
ggplot_geopos.Rd: SpatialPolygonsDataFrame, projection, cmap
ggplotly_geopos.Rd: region_definitions, v, add.region, delete.region,
ggplotly
image_TempDepthProfiles.Rd: cmap, set.colorbarp
leaflet_geopos.Rd: SpatialPolygonsDataFrame, cmap
plot_DepthTempTS.Rd: oceanmap, cmap
plot_data_coverage.Rd: oceanmap
Please provide package anchors for all Rd \link{} targets not in the
package itself and the base packages.
Flavors: r-devel-linux-x86_64-debian-clang, r-devel-linux-x86_64-debian-gcc, r-devel-windows-x86_64, r-patched-linux-x86_64, r-release-linux-x86_64, r-release-windows-x86_64