Last updated on 2025-04-29 13:51:37 CEST.
Flavor | Version | Tinstall | Tcheck | Ttotal | Status | Flags |
---|---|---|---|---|---|---|
r-devel-linux-x86_64-debian-clang | 1.0 | 19.15 | 140.87 | 160.02 | NOTE | |
r-devel-linux-x86_64-debian-gcc | 1.0 | 13.84 | 105.39 | 119.23 | NOTE | |
r-devel-linux-x86_64-fedora-clang | 1.0 | 277.13 | OK | |||
r-devel-linux-x86_64-fedora-gcc | 1.0 | 263.56 | OK | |||
r-devel-windows-x86_64 | 1.0 | 23.00 | 252.00 | 275.00 | OK | |
r-patched-linux-x86_64 | 1.0 | 18.47 | 136.78 | 155.25 | OK | |
r-release-linux-x86_64 | 1.0 | 17.55 | 134.95 | 152.50 | OK | |
r-release-macos-arm64 | 1.0 | 75.00 | OK | |||
r-release-macos-x86_64 | 1.0 | 135.00 | OK | |||
r-release-windows-x86_64 | 1.0 | 26.00 | 198.00 | 224.00 | OK | |
r-oldrel-macos-arm64 | 1.0 | 74.00 | OK | |||
r-oldrel-macos-x86_64 | 1.0 | 107.00 | OK | |||
r-oldrel-windows-x86_64 | 1.0 | 24.00 | 183.00 | 207.00 | OK |
Version: 1.0
Check: CRAN incoming feasibility
Result: NOTE
Maintainer: ‘Alexandre Adalardo de Oliveira <ecovirtualpackage@gmail.com>’
No Authors@R field in DESCRIPTION.
Please add one, modifying
Authors@R: c(person(given = c("Alexandre", "Adalardo"),
family = "de Oliveira",
role = c("aut", "cre"),
email = "ecovirtualpackage@gmail.com"),
person(given = c("Paulo", "Inacio"),
family = "Prado",
role = "aut",
email = "ecovirtualpackage@gmail.com"))
as necessary.
Flavors: r-devel-linux-x86_64-debian-clang, r-devel-linux-x86_64-debian-gcc