Last updated on 2024-07-13 11:49:25 CEST.
Flavor | Version | Tinstall | Tcheck | Ttotal | Status | Flags |
---|---|---|---|---|---|---|
r-devel-linux-x86_64-debian-clang | 5.1-1 | 24.03 | 197.35 | 221.38 | NOTE | |
r-devel-linux-x86_64-debian-gcc | 5.1-1 | 17.86 | 147.53 | 165.39 | NOTE | |
r-devel-linux-x86_64-fedora-clang | 5.1-1 | 291.11 | NOTE | |||
r-devel-linux-x86_64-fedora-gcc | 5.1-1 | 302.20 | NOTE | |||
r-devel-windows-x86_64 | 5.1-1 | 31.00 | 240.00 | 271.00 | NOTE | |
r-patched-linux-x86_64 | 5.1-1 | 23.11 | 192.26 | 215.37 | NOTE | |
r-release-linux-x86_64 | 5.1-1 | 20.51 | 190.99 | 211.50 | NOTE | |
r-release-macos-arm64 | 5.1-1 | 104.00 | NOTE | |||
r-release-macos-x86_64 | 5.1-1 | 136.00 | NOTE | |||
r-release-windows-x86_64 | 5.1-1 | 18.00 | 140.00 | 158.00 | NOTE | |
r-oldrel-macos-arm64 | 5.1-1 | 88.00 | NOTE | |||
r-oldrel-macos-x86_64 | 5.1-1 | 138.00 | NOTE | |||
r-oldrel-windows-x86_64 | 5.1-1 | 21.00 | 165.00 | 186.00 | NOTE |
Version: 5.1-1
Check: package dependencies
Result: NOTE
Depends: includes the non-default packages:
'IQCC', 'qcc', 'qicharts2', 'randtests', 'rmarkdown',
'TeachingDemos', 'tseries'
Adding so many packages to the search path is excessive and importing
selectively is preferable.
Flavors: r-devel-linux-x86_64-debian-clang, r-devel-linux-x86_64-debian-gcc, r-devel-linux-x86_64-fedora-clang, r-devel-linux-x86_64-fedora-gcc, r-devel-windows-x86_64, r-patched-linux-x86_64, r-release-linux-x86_64, r-release-macos-arm64, r-release-macos-x86_64, r-release-windows-x86_64, r-oldrel-macos-arm64, r-oldrel-macos-x86_64, r-oldrel-windows-x86_64