Last updated on 2025-11-16 00:48:42 CET.
| Flavor | Version | Tinstall | Tcheck | Ttotal | Status | Flags |
|---|---|---|---|---|---|---|
| r-devel-linux-x86_64-debian-clang | 4.8.2 | 18.89 | 164.30 | 183.19 | NOTE | |
| r-devel-linux-x86_64-debian-gcc | 4.8.2 | 14.84 | 127.13 | 141.97 | NOTE | |
| r-devel-linux-x86_64-fedora-clang | 4.8.2 | 42.00 | 248.24 | 290.24 | OK | |
| r-devel-linux-x86_64-fedora-gcc | 4.8.2 | 44.00 | 248.49 | 292.49 | OK | |
| r-devel-windows-x86_64 | 4.8.2 | 61.00 | 233.00 | 294.00 | OK | |
| r-patched-linux-x86_64 | 4.8.2 | 20.33 | 165.96 | 186.29 | OK | |
| r-release-linux-x86_64 | 4.8.2 | 20.13 | 165.28 | 185.41 | OK | |
| r-release-macos-arm64 | 4.8.2 | 14.00 | 93.00 | 107.00 | OK | |
| r-release-macos-x86_64 | 4.8.2 | 19.00 | 155.00 | 174.00 | OK | |
| r-release-windows-x86_64 | 4.8.2 | 34.00 | 242.00 | 276.00 | OK | |
| r-oldrel-macos-arm64 | 4.8.2 | 12.00 | 92.00 | 104.00 | OK | |
| r-oldrel-macos-x86_64 | 4.8.2 | 15.00 | 124.00 | 139.00 | OK | |
| r-oldrel-windows-x86_64 | 4.8.2 | 25.00 | 186.00 | 211.00 | OK |
Version: 4.8.2
Check: CRAN incoming feasibility
Result: NOTE
Maintainer: ‘Manuel Munoz-Marquez <manuel.munoz@uca.es>’
No Authors@R field in DESCRIPTION.
Please add one, modifying
Authors@R: person(given = "Manuel",
family = "Munoz-Marquez",
role = c("aut", "cre"),
email = "manuel.munoz@uca.es")
as necessary.
Flavors: r-devel-linux-x86_64-debian-clang, r-devel-linux-x86_64-debian-gcc