Last updated on 2024-07-18 00:55:03 CEST.
Flavor | Version | Tinstall | Tcheck | Ttotal | Status | Flags |
---|---|---|---|---|---|---|
r-devel-linux-x86_64-debian-clang | 0.2.12 | 46.81 | 31.39 | 78.20 | NOTE | |
r-devel-linux-x86_64-debian-gcc | 0.2.12 | 31.88 | 24.15 | 56.03 | NOTE | |
r-devel-linux-x86_64-fedora-clang | 0.2.12 | 131.34 | NOTE | |||
r-devel-linux-x86_64-fedora-gcc | 0.2.12 | 118.52 | NOTE | |||
r-devel-windows-x86_64 | 0.2.12 | 39.00 | 70.00 | 109.00 | NOTE | |
r-patched-linux-x86_64 | 0.2.12 | 38.45 | 29.92 | 68.37 | NOTE | |
r-release-linux-x86_64 | 0.2.12 | 37.25 | 29.42 | 66.67 | NOTE | |
r-release-macos-arm64 | 0.2.12 | 29.00 | NOTE | |||
r-release-macos-x86_64 | 0.2.12 | 35.00 | NOTE | |||
r-release-windows-x86_64 | 0.2.12 | 45.00 | 73.00 | 118.00 | NOTE | |
r-oldrel-macos-arm64 | 0.2.12 | 34.00 | NOTE | |||
r-oldrel-macos-x86_64 | 0.2.12 | 53.00 | NOTE | |||
r-oldrel-windows-x86_64 | 0.2.12 | 41.00 | 77.00 | 118.00 | NOTE |
Version: 0.2.12
Check: C++ specification
Result: NOTE
Specified C++11: please drop specification unless essential
Flavors: r-devel-linux-x86_64-debian-clang, r-devel-linux-x86_64-debian-gcc, r-devel-linux-x86_64-fedora-clang, r-devel-linux-x86_64-fedora-gcc, r-devel-windows-x86_64, r-patched-linux-x86_64, r-release-linux-x86_64, r-release-macos-arm64, r-release-macos-x86_64, r-release-windows-x86_64, r-oldrel-macos-arm64, r-oldrel-macos-x86_64, r-oldrel-windows-x86_64