Last updated on 2024-06-27 16:49:13 CEST.
Flavor | Version | Tinstall | Tcheck | Ttotal | Status | Flags |
---|---|---|---|---|---|---|
r-devel-linux-x86_64-debian-clang | 0.1.7 | NOTE | ||||
r-devel-linux-x86_64-debian-gcc | 0.1.7 | 44.52 | 39.07 | 83.59 | NOTE | |
r-devel-linux-x86_64-fedora-clang | 0.1.7 | 162.04 | NOTE | |||
r-devel-linux-x86_64-fedora-gcc | 0.1.7 | 170.89 | NOTE | |||
r-devel-windows-x86_64 | 0.1.7 | 49.00 | 98.00 | 147.00 | NOTE | |
r-patched-linux-x86_64 | 0.1.7 | 53.33 | 48.94 | 102.27 | NOTE | |
r-release-linux-x86_64 | 0.1.7 | 54.68 | 49.44 | 104.12 | NOTE | |
r-release-macos-arm64 | 0.1.7 | 49.00 | NOTE | |||
r-release-macos-x86_64 | 0.1.7 | 59.00 | NOTE | |||
r-release-windows-x86_64 | 0.1.7 | 50.00 | 126.00 | 176.00 | NOTE | |
r-oldrel-macos-arm64 | 0.1.7 | 42.00 | NOTE | |||
r-oldrel-macos-x86_64 | 0.1.7 | 81.00 | NOTE | |||
r-oldrel-windows-x86_64 | 0.1.7 | 59.00 | 106.00 | 165.00 | NOTE |
Version: 0.1.7
Check: C++ specification
Result: NOTE
Specified C++11: please drop specification unless essential
Flavors: r-devel-linux-x86_64-debian-clang, r-devel-linux-x86_64-debian-gcc, r-devel-linux-x86_64-fedora-clang, r-devel-linux-x86_64-fedora-gcc, r-devel-windows-x86_64, r-patched-linux-x86_64, r-release-linux-x86_64, r-release-macos-arm64, r-release-macos-x86_64, r-release-windows-x86_64, r-oldrel-macos-arm64, r-oldrel-macos-x86_64, r-oldrel-windows-x86_64