Last updated on 2024-07-13 05:49:24 CEST.
Flavor | Version | Tinstall | Tcheck | Ttotal | Status | Flags |
---|---|---|---|---|---|---|
r-devel-linux-x86_64-debian-clang | 0.3.7 | 51.81 | 79.60 | 131.41 | NOTE | |
r-devel-linux-x86_64-debian-gcc | 0.3.7 | 42.05 | 62.26 | 104.31 | NOTE | |
r-devel-linux-x86_64-fedora-clang | 0.3.7 | 172.33 | NOTE | |||
r-devel-linux-x86_64-fedora-gcc | 0.3.7 | 210.15 | NOTE | |||
r-devel-windows-x86_64 | 0.3.7 | 41.00 | 133.00 | 174.00 | NOTE | |
r-patched-linux-x86_64 | 0.3.7 | 48.30 | 77.52 | 125.82 | NOTE | |
r-release-linux-x86_64 | 0.3.7 | 45.24 | 78.61 | 123.85 | NOTE | |
r-release-macos-arm64 | 0.3.7 | 53.00 | NOTE | |||
r-release-macos-x86_64 | 0.3.7 | 82.00 | NOTE | |||
r-release-windows-x86_64 | 0.3.7 | 41.00 | 101.00 | 142.00 | NOTE | |
r-oldrel-macos-arm64 | 0.3.7 | 57.00 | NOTE | |||
r-oldrel-macos-x86_64 | 0.3.7 | 92.00 | NOTE | |||
r-oldrel-windows-x86_64 | 0.3.7 | 48.00 | 119.00 | 167.00 | NOTE |
Version: 0.3.7
Check: C++ specification
Result: NOTE
Specified C++11: please drop specification unless essential
Flavors: r-devel-linux-x86_64-debian-clang, r-devel-linux-x86_64-debian-gcc, r-devel-linux-x86_64-fedora-clang, r-devel-linux-x86_64-fedora-gcc, r-devel-windows-x86_64, r-patched-linux-x86_64, r-release-linux-x86_64, r-release-macos-arm64, r-release-macos-x86_64, r-release-windows-x86_64, r-oldrel-macos-arm64, r-oldrel-macos-x86_64, r-oldrel-windows-x86_64
Version: 0.3.7
Check: installed package size
Result: NOTE
installed size is 9.3Mb
sub-directories of 1Mb or more:
libs 9.1Mb
Flavors: r-release-macos-arm64, r-release-macos-x86_64, r-oldrel-macos-arm64, r-oldrel-macos-x86_64