CRAN Package Check Results for Package RcppPlanc

Last updated on 2025-11-16 06:49:51 CET.

Flavor Version Tinstall Tcheck Ttotal Status Flags
r-devel-linux-x86_64-debian-clang 2.0.13 179.46 193.21 372.67 OK
r-devel-linux-x86_64-debian-gcc 2.0.13 134.39 155.22 289.61 NOTE
r-devel-linux-x86_64-fedora-clang 2.0.13 311.00 328.12 639.12 OK
r-devel-linux-x86_64-fedora-gcc 2.0.13 350.00 262.64 612.64 OK
r-devel-windows-x86_64 2.0.13 926.00 334.00 1260.00 OK
r-patched-linux-x86_64 2.0.13 186.94 134.33 321.27 OK
r-release-linux-x86_64 2.0.13 186.04 134.14 320.18 OK
r-release-macos-arm64 2.0.13 78.00 61.00 139.00 OK
r-release-macos-x86_64 2.0.13 133.00 102.00 235.00 OK
r-release-windows-x86_64 2.0.13 593.00 366.00 959.00 OK
r-oldrel-macos-arm64 2.0.13 73.00 63.00 136.00 NOTE
r-oldrel-macos-x86_64 2.0.13 139.00 106.00 245.00 NOTE
r-oldrel-windows-x86_64 2.0.13 719.00 468.00 1187.00 NOTE

Check Details

Version: 2.0.13
Check: CRAN incoming feasibility
Result: NOTE Maintainer: ‘Andrew Robbins <robbiand@umich.edu>’ The BugReports field in DESCRIPTION has https://github.com/welch-lab/RcppPlanc/issues/ which should likely be https://github.com/welch-lab/RcppPlanc/issues/issues instead. Flavor: r-devel-linux-x86_64-debian-gcc

Version: 2.0.13
Check: installed package size
Result: NOTE installed size is 26.9Mb sub-directories of 1Mb or more: libs 24.9Mb Flavors: r-oldrel-macos-arm64, r-oldrel-macos-x86_64, r-oldrel-windows-x86_64

Version: 2.0.13
Check: for GNU extensions in Makefiles
Result: NOTE GNU make is a SystemRequirements. Flavors: r-oldrel-macos-arm64, r-oldrel-macos-x86_64