Last updated on 2025-04-29 13:51:37 CEST.
Flavor | Version | Tinstall | Tcheck | Ttotal | Status | Flags |
---|---|---|---|---|---|---|
r-devel-linux-x86_64-debian-clang | 2.0.5 | 177.94 | 186.48 | 364.42 | OK | |
r-devel-linux-x86_64-debian-gcc | 2.0.5 | 132.34 | 152.17 | 284.51 | OK | |
r-devel-linux-x86_64-fedora-clang | 2.0.5 | 419.84 | ERROR | |||
r-devel-linux-x86_64-fedora-gcc | 2.0.5 | 502.18 | ERROR | |||
r-devel-windows-x86_64 | 2.0.5 | 624.00 | 361.00 | 985.00 | OK | |
r-patched-linux-x86_64 | 2.0.5 | 178.67 | 131.32 | 309.99 | OK | |
r-release-linux-x86_64 | 2.0.5 | 190.39 | 131.41 | 321.80 | OK | |
r-release-macos-arm64 | 2.0.5 | 133.00 | OK | |||
r-release-macos-x86_64 | 2.0.5 | 272.00 | OK | |||
r-release-windows-x86_64 | 2.0.5 | 703.00 | 385.00 | 1088.00 | OK | |
r-oldrel-macos-arm64 | 2.0.5 | 143.00 | NOTE | |||
r-oldrel-macos-x86_64 | 2.0.5 | 258.00 | NOTE | |||
r-oldrel-windows-x86_64 | 2.0.5 | 687.00 | 525.00 | 1212.00 | NOTE |
Version: 2.0.5
Check: whether package can be installed
Result: ERROR
Installation failed.
Flavors: r-devel-linux-x86_64-fedora-clang, r-devel-linux-x86_64-fedora-gcc
Version: 2.0.5
Check: installed package size
Result: NOTE
installed size is 27.8Mb
sub-directories of 1Mb or more:
libs 25.7Mb
Flavors: r-oldrel-macos-arm64, r-oldrel-macos-x86_64, r-oldrel-windows-x86_64
Version: 2.0.5
Check: for GNU extensions in Makefiles
Result: NOTE
GNU make is a SystemRequirements.
Flavors: r-oldrel-macos-arm64, r-oldrel-macos-x86_64