CRAN Package Check Results for Package ReDirection

Last updated on 2025-11-16 18:49:41 CET.

Flavor Version Tinstall Tcheck Ttotal Status Flags
r-devel-linux-x86_64-debian-clang 1.0.1 1.98 29.85 31.83 NOTE
r-devel-linux-x86_64-debian-gcc 1.0.1 1.69 22.63 24.32 NOTE
r-devel-linux-x86_64-fedora-clang 1.0.1 48.28 OK
r-devel-linux-x86_64-fedora-gcc 1.0.1 47.40 OK
r-devel-windows-x86_64 1.0.1 4.00 46.00 50.00 OK
r-patched-linux-x86_64 1.0.1 2.19 28.14 30.33 OK
r-release-linux-x86_64 1.0.1 1.96 27.99 29.95 OK
r-release-macos-arm64 1.0.1 1.00 15.00 16.00 OK
r-release-macos-x86_64 1.0.1 2.00 28.00 30.00 OK
r-release-windows-x86_64 1.0.1 3.00 45.00 48.00 OK
r-oldrel-macos-arm64 1.0.1 1.00 16.00 17.00 OK
r-oldrel-macos-x86_64 1.0.1 2.00 22.00 24.00 OK
r-oldrel-windows-x86_64 1.0.1 4.00 56.00 60.00 OK

Check Details

Version: 1.0.1
Check: CRAN incoming feasibility
Result: NOTE Maintainer: ‘Siddhartha Kundu <siddhartha_kundu@aiims.edu>’ No Authors@R field in DESCRIPTION. Please add one, modifying Authors@R: person(given = "Siddhartha", family = "Kundu", role = c("aut", "cre"), email = "2021:ManuscriptUnderPreparation") as necessary. Flavors: r-devel-linux-x86_64-debian-clang, r-devel-linux-x86_64-debian-gcc