Last updated on 2025-04-29 13:51:37 CEST.
Flavor | Version | Tinstall | Tcheck | Ttotal | Status | Flags |
---|---|---|---|---|---|---|
r-devel-linux-x86_64-debian-clang | 1.0 | 1.61 | 17.55 | 19.16 | NOTE | |
r-devel-linux-x86_64-debian-gcc | 1.0 | 1.43 | 14.62 | 16.05 | NOTE | |
r-devel-linux-x86_64-fedora-clang | 1.0 | 30.63 | NOTE | |||
r-devel-linux-x86_64-fedora-gcc | 1.0 | 29.74 | NOTE | |||
r-devel-windows-x86_64 | 1.0 | 3.00 | 41.00 | 44.00 | NOTE | |
r-patched-linux-x86_64 | 1.0 | 1.44 | 17.17 | 18.61 | NOTE | |
r-release-linux-x86_64 | 1.0 | 1.63 | 17.25 | 18.88 | NOTE | |
r-release-macos-arm64 | 1.0 | 14.00 | NOTE | |||
r-release-macos-x86_64 | 1.0 | 21.00 | NOTE | |||
r-release-windows-x86_64 | 1.0 | 3.00 | 41.00 | 44.00 | NOTE | |
r-oldrel-macos-arm64 | 1.0 | 14.00 | NOTE | |||
r-oldrel-macos-x86_64 | 1.0 | 22.00 | NOTE | |||
r-oldrel-windows-x86_64 | 1.0 | 3.00 | 41.00 | 44.00 | NOTE |
Version: 1.0
Check: CRAN incoming feasibility
Result: NOTE
Maintainer: ‘Magdalena Chrapek <Magdalena.Chrapek@ujk.edu.pl>’
No Authors@R field in DESCRIPTION.
Please add one, modifying
Authors@R: person(given = "Magdalena",
family = "Chrapek",
role = c("aut", "cre"),
email = "magdalena.chrapek@ujk.edu.pl")
as necessary.
Flavors: r-devel-linux-x86_64-debian-clang, r-devel-linux-x86_64-debian-gcc
Version: 1.0
Check: DESCRIPTION meta-information
Result: NOTE
Malformed Description field: should contain one or more complete sentences.
Flavors: r-devel-linux-x86_64-debian-clang, r-devel-linux-x86_64-debian-gcc, r-devel-linux-x86_64-fedora-clang, r-devel-linux-x86_64-fedora-gcc, r-devel-windows-x86_64, r-patched-linux-x86_64, r-release-linux-x86_64, r-release-macos-arm64, r-release-macos-x86_64, r-release-windows-x86_64, r-oldrel-macos-arm64, r-oldrel-macos-x86_64, r-oldrel-windows-x86_64