CRAN Package Check Results for Package RegKink

Last updated on 2025-04-29 13:51:37 CEST.

Flavor Version Tinstall Tcheck Ttotal Status Flags
r-devel-linux-x86_64-debian-clang 0.1.0 1.48 17.78 19.26 OK
r-devel-linux-x86_64-debian-gcc 0.1.0 1.40 14.50 15.90 OK
r-devel-linux-x86_64-fedora-clang 0.1.0 29.62 NOTE
r-devel-linux-x86_64-fedora-gcc 0.1.0 28.12 NOTE
r-devel-windows-x86_64 0.1.0 2.00 39.00 41.00 OK
r-patched-linux-x86_64 0.1.0 1.54 16.95 18.49 OK
r-release-linux-x86_64 0.1.0 1.41 17.03 18.44 OK
r-release-macos-arm64 0.1.0 13.00 OK
r-release-macos-x86_64 0.1.0 23.00 OK
r-release-windows-x86_64 0.1.0 3.00 40.00 43.00 OK
r-oldrel-macos-arm64 0.1.0 12.00 OK
r-oldrel-macos-x86_64 0.1.0 18.00 OK
r-oldrel-windows-x86_64 0.1.0 4.00 41.00 45.00 OK

Check Details

Version: 0.1.0
Check: dependencies in R code
Result: NOTE Namespace in Imports field not imported from: ‘MASS’ All declared Imports should be used. Flavors: r-devel-linux-x86_64-fedora-clang, r-devel-linux-x86_64-fedora-gcc