Last updated on 2025-11-16 00:48:43 CET.
| Flavor | Version | Tinstall | Tcheck | Ttotal | Status | Flags |
|---|---|---|---|---|---|---|
| r-devel-linux-x86_64-debian-clang | 1.0.5 | 5.61 | 47.06 | 52.67 | OK | |
| r-devel-linux-x86_64-debian-gcc | 1.0.5 | 5.70 | 35.88 | 41.58 | OK | |
| r-devel-linux-x86_64-fedora-clang | 1.0.5 | 12.00 | 67.41 | 79.41 | NOTE | |
| r-devel-linux-x86_64-fedora-gcc | 1.0.5 | 13.00 | 78.05 | 91.05 | NOTE | |
| r-devel-windows-x86_64 | 1.0.5 | 8.00 | 61.00 | 69.00 | OK | |
| r-patched-linux-x86_64 | 1.0.5 | 7.59 | 44.43 | 52.02 | OK | |
| r-release-linux-x86_64 | 1.0.5 | 6.41 | 44.10 | 50.51 | OK | |
| r-release-macos-arm64 | 1.0.5 | 7.00 | 48.00 | 55.00 | OK | |
| r-release-macos-x86_64 | 1.0.5 | 9.00 | 56.00 | 65.00 | OK | |
| r-release-windows-x86_64 | 1.0.5 | 7.00 | 63.00 | 70.00 | OK | |
| r-oldrel-macos-arm64 | 1.0.5 | 5.00 | 34.00 | 39.00 | OK | |
| r-oldrel-macos-x86_64 | 1.0.5 | 8.00 | 48.00 | 56.00 | OK | |
| r-oldrel-windows-x86_64 | 1.0.5 | 13.00 | 78.00 | 91.00 | OK |
Version: 1.0.5
Check: dependencies in R code
Result: NOTE
Namespace in Imports field not imported from: ‘ggplot2’
All declared Imports should be used.
Flavors: r-devel-linux-x86_64-fedora-clang, r-devel-linux-x86_64-fedora-gcc