CRAN Package Check Results for Package RepaymentPlan

Last updated on 2025-04-29 13:51:37 CEST.

Flavor Version Tinstall Tcheck Ttotal Status Flags
r-devel-linux-x86_64-debian-clang 0.1.0 1.68 16.95 18.63 NOTE
r-devel-linux-x86_64-debian-gcc 0.1.0 1.41 13.90 15.31 NOTE
r-devel-linux-x86_64-fedora-clang 0.1.0 29.66 OK
r-devel-linux-x86_64-fedora-gcc 0.1.0 27.41 OK
r-devel-windows-x86_64 0.1.0 2.00 37.00 39.00 OK
r-patched-linux-x86_64 0.1.0 1.74 16.06 17.80 OK
r-release-linux-x86_64 0.1.0 1.71 16.20 17.91 OK
r-release-macos-arm64 0.1.0 13.00 OK
r-release-macos-x86_64 0.1.0 23.00 OK
r-release-windows-x86_64 0.1.0 3.00 38.00 41.00 OK
r-oldrel-macos-arm64 0.1.0 12.00 NOTE
r-oldrel-macos-x86_64 0.1.0 20.00 NOTE
r-oldrel-windows-x86_64 0.1.0 2.00 36.00 38.00 NOTE

Check Details

Version: 0.1.0
Check: CRAN incoming feasibility
Result: NOTE Maintainer: ‘Gourav Kumar Vani <kumaragri.vani1@gmail.com>’ No Authors@R field in DESCRIPTION. Please add one, modifying Authors@R: c(person(given = c("Gourav", "Kumar"), family = "Vani", role = c("aut", "cre"), email = "kumaragri.vani1@gmail.com"), person(given = c("Dr.", "Vivek"), family = "Badhe", role = "aut", email = "vivekbadhe.jbp@gmail.com")) as necessary. Flavors: r-devel-linux-x86_64-debian-clang, r-devel-linux-x86_64-debian-gcc

Version: 0.1.0
Check: LazyData
Result: NOTE 'LazyData' is specified without a 'data' directory Flavors: r-oldrel-macos-arm64, r-oldrel-macos-x86_64, r-oldrel-windows-x86_64