Last updated on 2025-11-16 06:49:52 CET.
| Flavor | Version | Tinstall | Tcheck | Ttotal | Status | Flags |
|---|---|---|---|---|---|---|
| r-devel-linux-x86_64-debian-clang | 1.0.1 | 14.06 | 229.91 | 243.97 | OK | |
| r-devel-linux-x86_64-debian-gcc | 1.0.1 | 12.21 | 155.25 | 167.46 | NOTE | |
| r-devel-linux-x86_64-fedora-clang | 1.0.1 | 36.00 | 354.93 | 390.93 | OK | |
| r-devel-linux-x86_64-fedora-gcc | 1.0.1 | 31.00 | 353.48 | 384.48 | OK | |
| r-devel-windows-x86_64 | 1.0.1 | 22.00 | 257.00 | 279.00 | OK | |
| r-patched-linux-x86_64 | 1.0.1 | 14.60 | 220.77 | 235.37 | OK | |
| r-release-linux-x86_64 | 1.0.1 | 15.00 | 220.56 | 235.56 | OK | |
| r-release-macos-arm64 | 1.0.1 | 6.00 | 89.00 | 95.00 | OK | |
| r-release-macos-x86_64 | 1.0.1 | 19.00 | 203.00 | 222.00 | OK | |
| r-release-windows-x86_64 | 1.0.1 | 16.00 | 259.00 | 275.00 | OK | |
| r-oldrel-macos-arm64 | 1.0.1 | 6.00 | 101.00 | 107.00 | OK | |
| r-oldrel-macos-x86_64 | 1.0.1 | 14.00 | 225.00 | 239.00 | OK | |
| r-oldrel-windows-x86_64 | 1.0.1 | 21.00 | 310.00 | 331.00 | OK |
Version: 1.0.1
Check: HTML version of manual
Result: NOTE
Found the following HTML validation problems:
ReturnCurves.html:236:1 (adfestimation.Rd:45): Warning: <script> anchor "MathJax-script" already defined
ReturnCurves.html:408:28 (adf_est.class.Rd:33): Warning: <script> anchor "MathJax-script" already defined
ReturnCurves.html:446:1 (adf_gof.Rd:29): Warning: <script> anchor "MathJax-script" already defined
ReturnCurves.html:583:30 (adf_gof.class.Rd:17): Warning: <script> anchor "MathJax-script" already defined
ReturnCurves.html:633:1 (marggpd.Rd:27): Warning: <script> anchor "MathJax-script" already defined
ReturnCurves.html:797:1 (marginaltransformation.Rd:30): Warning: <script> anchor "MathJax-script" already defined
ReturnCurves.html:899:33 (margtransf.class.Rd:23): Warning: <script> anchor "MathJax-script" already defined
ReturnCurves.html:1179:1 (returncurve.Rd:48): Warning: <script> anchor "MathJax-script" already defined
ReturnCurves.html:1369:28 (rc_est.class.Rd:40): Warning: <script> anchor "MathJax-script" already defined
ReturnCurves.html:1422:1 (rc_gof.Rd:17): Warning: <script> anchor "MathJax-script" already defined
ReturnCurves.html:1529:34 (rc_gof.class.Rd:21): Warning: <script> anchor "MathJax-script" already defined
ReturnCurves.html:1570:1 (rc_uncertainty.Rd:17): Warning: <script> anchor "MathJax-script" already defined
ReturnCurves.html:1715:34 (rc_unc.class.Rd:21): Warning: <script> anchor "MathJax-script" already defined
Flavor: r-devel-linux-x86_64-debian-gcc