Last updated on 2025-10-24 11:50:56 CEST.
| Flavor | Version | Tinstall | Tcheck | Ttotal | Status | Flags |
|---|---|---|---|---|---|---|
| r-devel-linux-x86_64-debian-clang | 1.0 | 1.68 | 27.68 | 29.36 | OK | |
| r-devel-linux-x86_64-debian-gcc | 1.0 | 1.40 | 22.32 | 23.72 | OK | |
| r-devel-linux-x86_64-fedora-clang | 1.0 | 14.00 | 36.17 | 50.17 | OK | |
| r-devel-linux-x86_64-fedora-gcc | 1.0 | 56.08 | OK | |||
| r-devel-windows-x86_64 | 1.0 | 3.00 | 42.00 | 45.00 | OK | |
| r-patched-linux-x86_64 | 1.0 | 1.77 | 26.25 | 28.02 | OK | |
| r-release-linux-x86_64 | 1.0 | 1.64 | 25.94 | 27.58 | OK | |
| r-release-macos-arm64 | 1.0 | 1.00 | 32.00 | 33.00 | OK | |
| r-release-macos-x86_64 | 1.0 | 2.00 | 41.00 | 43.00 | OK | |
| r-release-windows-x86_64 | 1.0 | 4.00 | 44.00 | 48.00 | OK | |
| r-oldrel-macos-arm64 | 1.0 | 1.00 | 21.00 | 22.00 | NOTE | |
| r-oldrel-macos-x86_64 | 1.0 | 1.00 | 30.00 | 31.00 | NOTE | |
| r-oldrel-windows-x86_64 | 1.0 | 5.00 | 48.00 | 53.00 | NOTE |
Version: 1.0
Check: LazyData
Result: NOTE
'LazyData' is specified without a 'data' directory
Flavors: r-oldrel-macos-arm64, r-oldrel-macos-x86_64, r-oldrel-windows-x86_64