CRAN Package Check Results for Package RkMetrics

Last updated on 2025-04-29 13:51:38 CEST.

Flavor Version Tinstall Tcheck Ttotal Status Flags
r-devel-linux-x86_64-debian-clang 1.3 1.89 18.74 20.63 NOTE
r-devel-linux-x86_64-debian-gcc 1.3 1.53 15.26 16.79 NOTE
r-devel-linux-x86_64-fedora-clang 1.3 31.86 OK
r-devel-linux-x86_64-fedora-gcc 1.3 30.53 OK
r-devel-windows-x86_64 1.3 4.00 37.00 41.00 OK
r-patched-linux-x86_64 1.3 2.01 18.15 20.16 OK
r-release-linux-x86_64 1.3 1.90 18.08 19.98 OK
r-release-macos-arm64 1.3 14.00 OK
r-release-macos-x86_64 1.3 33.00 OK
r-release-windows-x86_64 1.3 3.00 38.00 41.00 OK
r-oldrel-macos-arm64 1.3 13.00 OK
r-oldrel-macos-x86_64 1.3 27.00 OK
r-oldrel-windows-x86_64 1.3 2.00 37.00 39.00 OK

Check Details

Version: 1.3
Check: CRAN incoming feasibility
Result: NOTE Maintainer: ‘Titus K Rotich <rktitus@uoeld.ac.ke>’ No Authors@R field in DESCRIPTION. Please add one, modifying Authors@R: person(given = c("Titus", "K"), family = "Rotich", role = c("aut", "cre"), email = "rktitus@uoeld.ac.ke") as necessary. Flavors: r-devel-linux-x86_64-debian-clang, r-devel-linux-x86_64-debian-gcc