Last updated on 2025-11-16 06:49:53 CET.
| Flavor | Version | Tinstall | Tcheck | Ttotal | Status | Flags |
|---|---|---|---|---|---|---|
| r-devel-linux-x86_64-debian-clang | 2.1.7 | 10.85 | 80.68 | 91.53 | OK | |
| r-devel-linux-x86_64-debian-gcc | 2.1.7 | 8.58 | 60.58 | 69.16 | NOTE | |
| r-devel-linux-x86_64-fedora-clang | 2.1.7 | 25.00 | 117.74 | 142.74 | OK | |
| r-devel-linux-x86_64-fedora-gcc | 2.1.7 | 24.00 | 127.46 | 151.46 | OK | |
| r-devel-windows-x86_64 | 2.1.7 | 33.00 | 98.00 | 131.00 | OK | |
| r-patched-linux-x86_64 | 2.1.7 | 9.76 | 78.33 | 88.09 | OK | |
| r-release-linux-x86_64 | 2.1.7 | 10.84 | 77.90 | 88.74 | OK | |
| r-release-macos-arm64 | 2.1.7 | 9.00 | 92.00 | 101.00 | OK | |
| r-release-macos-x86_64 | 2.1.7 | 9.00 | 108.00 | 117.00 | OK | |
| r-release-windows-x86_64 | 2.1.7 | 25.00 | 97.00 | 122.00 | OK | |
| r-oldrel-macos-arm64 | 2.1.7 | 6.00 | 66.00 | 72.00 | OK | |
| r-oldrel-macos-x86_64 | 2.1.7 | 8.00 | 103.00 | 111.00 | OK | |
| r-oldrel-windows-x86_64 | 2.1.7 | 27.00 | 124.00 | 151.00 | OK |
Version: 2.1.7
Check: CRAN incoming feasibility
Result: NOTE
Maintainer: ‘Martin R. Smith <martin.smith@durham.ac.uk>’
The BugReports field in DESCRIPTION has
https://github.com/ms609/Rogue/issues/
which should likely be
https://github.com/ms609/Rogue/issues/issues
instead.
Flavor: r-devel-linux-x86_64-debian-gcc