Last updated on 2024-06-27 10:49:41 CEST.
Flavor | Version | Tinstall | Tcheck | Ttotal | Status | Flags |
---|---|---|---|---|---|---|
r-devel-linux-x86_64-debian-clang | 1.3.0 | OK | ||||
r-devel-linux-x86_64-debian-gcc | 1.3.0 | 10.17 | 65.30 | 75.47 | OK | |
r-devel-linux-x86_64-fedora-clang | 1.3.0 | 129.29 | NOTE | |||
r-devel-linux-x86_64-fedora-gcc | 1.3.0 | 120.87 | NOTE | |||
r-devel-windows-x86_64 | 1.3.0 | 11.00 | 82.00 | 93.00 | OK | |
r-patched-linux-x86_64 | 1.3.0 | 7.57 | 86.50 | 94.07 | OK | |
r-release-linux-x86_64 | 1.3.0 | 7.92 | 85.48 | 93.40 | OK | |
r-release-macos-arm64 | 1.3.0 | 41.00 | OK | |||
r-release-macos-x86_64 | 1.3.0 | 54.00 | OK | |||
r-release-windows-x86_64 | 1.3.0 | 12.00 | 83.00 | 95.00 | OK | |
r-oldrel-macos-arm64 | 1.3.0 | 40.00 | OK | |||
r-oldrel-macos-x86_64 | 1.3.0 | 106.00 | OK | |||
r-oldrel-windows-x86_64 | 1.3.0 | 15.00 | 96.00 | 111.00 | OK |
Version: 1.3.0
Check: data for non-ASCII characters
Result: NOTE
Note: found 192 marked UTF-8 strings
Flavors: r-devel-linux-x86_64-fedora-clang, r-devel-linux-x86_64-fedora-gcc