Last updated on 2024-07-13 11:49:26 CEST.
Flavor | Version | Tinstall | Tcheck | Ttotal | Status | Flags |
---|---|---|---|---|---|---|
r-devel-linux-x86_64-debian-clang | 1.3.0 | 12.17 | 89.50 | 101.67 | OK | |
r-devel-linux-x86_64-debian-gcc | 1.3.0 | 9.29 | 66.05 | 75.34 | OK | |
r-devel-linux-x86_64-fedora-clang | 1.3.0 | 129.29 | NOTE | |||
r-devel-linux-x86_64-fedora-gcc | 1.3.0 | 128.62 | NOTE | |||
r-devel-windows-x86_64 | 1.3.0 | 11.00 | 84.00 | 95.00 | OK | |
r-patched-linux-x86_64 | 1.3.0 | 7.88 | 87.65 | 95.53 | OK | |
r-release-linux-x86_64 | 1.3.0 | 7.48 | 86.58 | 94.06 | OK | |
r-release-macos-arm64 | 1.3.0 | 41.00 | OK | |||
r-release-macos-x86_64 | 1.3.0 | 54.00 | OK | |||
r-release-windows-x86_64 | 1.3.0 | 12.00 | 85.00 | 97.00 | OK | |
r-oldrel-macos-arm64 | 1.3.0 | 40.00 | OK | |||
r-oldrel-macos-x86_64 | 1.3.0 | 106.00 | OK | |||
r-oldrel-windows-x86_64 | 1.3.0 | 15.00 | 101.00 | 116.00 | OK |
Version: 1.3.0
Check: data for non-ASCII characters
Result: NOTE
Note: found 192 marked UTF-8 strings
Flavors: r-devel-linux-x86_64-fedora-clang, r-devel-linux-x86_64-fedora-gcc