Last updated on 2025-04-29 13:51:39 CEST.
Flavor | Version | Tinstall | Tcheck | Ttotal | Status | Flags |
---|---|---|---|---|---|---|
r-devel-linux-x86_64-debian-clang | 1.8.0 | 2.37 | 21.59 | 23.96 | NOTE | |
r-devel-linux-x86_64-debian-gcc | 1.8.0 | 1.88 | 16.69 | 18.57 | NOTE | |
r-devel-linux-x86_64-fedora-clang | 1.8.0 | 37.63 | NOTE | |||
r-devel-linux-x86_64-fedora-gcc | 1.8.0 | 35.86 | NOTE | |||
r-devel-windows-x86_64 | 1.8.0 | 4.00 | 45.00 | 49.00 | OK | |
r-patched-linux-x86_64 | 1.8.0 | 2.44 | 20.58 | 23.02 | NOTE | |
r-release-linux-x86_64 | 1.8.0 | 2.19 | 20.63 | 22.82 | NOTE | |
r-release-macos-arm64 | 1.8.0 | 20.00 | OK | |||
r-release-macos-x86_64 | 1.8.0 | 41.00 | OK | |||
r-release-windows-x86_64 | 1.8.0 | 3.00 | 45.00 | 48.00 | OK | |
r-oldrel-macos-arm64 | 1.8.0 | 18.00 | OK | |||
r-oldrel-macos-x86_64 | 1.8.0 | 23.00 | OK | |||
r-oldrel-windows-x86_64 | 1.8.0 | 3.00 | 45.00 | 48.00 | OK |
Version: 1.8.0
Check: CRAN incoming feasibility
Result: NOTE
Maintainer: ‘J Andres Christen <jac@cimat.mx>’
No Authors@R field in DESCRIPTION.
Please add one, modifying
Authors@R: person(given = c("J", "Andres"),
family = "Christen",
role = c("aut", "cre"),
email = "jac@cimat.mx")
as necessary.
Problems when reading CITATION file:
It is recommended to use ‘given’ instead of ‘middle’.
Flavors: r-devel-linux-x86_64-debian-clang, r-devel-linux-x86_64-debian-gcc
Version: 1.8.0
Check: for non-standard things in the check directory
Result: NOTE
Found the following files/directories:
‘Tsttwalk.dat’
Flavors: r-devel-linux-x86_64-debian-clang, r-devel-linux-x86_64-debian-gcc, r-devel-linux-x86_64-fedora-clang, r-devel-linux-x86_64-fedora-gcc, r-patched-linux-x86_64, r-release-linux-x86_64