Last updated on 2025-11-16 06:49:53 CET.
| Flavor | Version | Tinstall | Tcheck | Ttotal | Status | Flags |
|---|---|---|---|---|---|---|
| r-devel-linux-x86_64-debian-clang | 0.41 | 49.77 | 98.67 | 148.44 | NOTE | |
| r-devel-linux-x86_64-debian-gcc | 0.41 | 44.19 | 75.41 | 119.60 | OK | |
| r-devel-linux-x86_64-fedora-clang | 0.41 | 176.00 | 60.21 | 236.21 | OK | |
| r-devel-linux-x86_64-fedora-gcc | 0.41 | 255.00 | 8.25 | 263.25 | OK | |
| r-devel-windows-x86_64 | 0.41 | 186.00 | 145.00 | 331.00 | NOTE | |
| r-patched-linux-x86_64 | 0.41 | 50.40 | 94.07 | 144.47 | OK | |
| r-release-linux-x86_64 | 0.41 | 50.70 | 93.76 | 144.46 | OK | |
| r-release-macos-arm64 | 0.41 | 36.00 | 102.00 | 138.00 | OK | |
| r-release-macos-x86_64 | 0.41 | 72.00 | 186.00 | 258.00 | OK | |
| r-release-windows-x86_64 | 0.41 | 109.00 | 147.00 | 256.00 | OK | |
| r-oldrel-macos-arm64 | 0.41 | 36.00 | 82.00 | 118.00 | OK | |
| r-oldrel-macos-x86_64 | 0.41 | 68.00 | 188.00 | 256.00 | OK | |
| r-oldrel-windows-x86_64 | 0.41 | 121.00 | 166.00 | 287.00 | OK |
Version: 0.41
Check: Rd files
Result: NOTE
checkRd: (-1) use.aux.urng-method.Rd:111-120: Only 3 columns allowed in this table (row 7 has 1)
Flavors: r-devel-linux-x86_64-debian-clang, r-devel-windows-x86_64