Last updated on 2025-11-16 18:49:43 CET.
| Flavor | Version | Tinstall | Tcheck | Ttotal | Status | Flags |
|---|---|---|---|---|---|---|
| r-devel-linux-x86_64-debian-clang | 0.25 | 557.55 | 45.39 | 602.94 | OK | |
| r-devel-linux-x86_64-debian-gcc | 0.25 | 386.19 | 44.99 | 431.18 | OK | |
| r-devel-linux-x86_64-fedora-clang | 0.25 | 411.00 | 716.92 | 1127.92 | OK | |
| r-devel-linux-x86_64-fedora-gcc | 0.25 | 390.00 | 769.40 | 1159.40 | OK | |
| r-devel-windows-x86_64 | 0.25 | 643.00 | 122.00 | 765.00 | OK | |
| r-patched-linux-x86_64 | 0.25 | 591.00 | 55.49 | 646.49 | OK | |
| r-release-linux-x86_64 | 0.25 | 582.58 | 56.05 | 638.63 | OK | |
| r-release-macos-arm64 | 0.25 | 206.00 | 27.00 | 233.00 | OK | |
| r-release-macos-x86_64 | 0.25 | 173.00 | 48.00 | 221.00 | OK | |
| r-release-windows-x86_64 | 0.25 | 613.00 | 119.00 | 732.00 | OK | |
| r-oldrel-macos-arm64 | 0.25 | 170.00 | 42.00 | 212.00 | NOTE | |
| r-oldrel-macos-x86_64 | 0.25 | 165.00 | 80.00 | 245.00 | NOTE | |
| r-oldrel-windows-x86_64 | 0.25 | 749.00 | 141.00 | 890.00 | OK |
Version: 0.25
Check: installed package size
Result: NOTE
installed size is 48.4Mb
sub-directories of 1Mb or more:
libs 47.2Mb
Flavors: r-oldrel-macos-arm64, r-oldrel-macos-x86_64