CRAN Package Check Results for Package Ryacas

Last updated on 2025-07-19 08:48:51 CEST.

Flavor Version Tinstall Tcheck Ttotal Status Flags
r-devel-linux-x86_64-debian-clang 1.1.5 82.37 94.29 176.66 NOTE
r-devel-linux-x86_64-debian-gcc 1.1.5 61.44 66.32 127.76 NOTE
r-devel-linux-x86_64-fedora-clang 1.1.5 377.87 NOTE
r-devel-linux-x86_64-fedora-gcc 1.1.5 323.90 NOTE
r-devel-windows-x86_64 1.1.5 106.00 144.00 250.00 NOTE
r-patched-linux-x86_64 1.1.5 86.05 90.04 176.09 NOTE
r-release-linux-x86_64 1.1.5 83.75 89.65 173.40 NOTE
r-release-macos-arm64 1.1.5 94.00 NOTE
r-release-macos-x86_64 1.1.5 151.00 NOTE
r-release-windows-x86_64 1.1.5 107.00 146.00 253.00 NOTE
r-oldrel-macos-arm64 1.1.5 97.00 NOTE
r-oldrel-macos-x86_64 1.1.5 107.00 NOTE
r-oldrel-windows-x86_64 1.1.5 114.00 176.00 290.00 NOTE

Check Details

Version: 1.1.5
Check: CRAN incoming feasibility
Result: NOTE Maintainer: ‘Mikkel Meyer Andersen <mikl@math.aau.dk>’ Package CITATION file contains call(s) to old-style personList() or as.personList(). Please use c() on person objects instead. Package CITATION file contains call(s) to old-style citEntry(). Please use bibentry() instead. Flavors: r-devel-linux-x86_64-debian-clang, r-devel-linux-x86_64-debian-gcc

Version: 1.1.5
Check: C++ specification
Result: NOTE Specified C++14: please drop specification unless essential Flavors: r-devel-linux-x86_64-debian-clang, r-devel-linux-x86_64-debian-gcc, r-devel-linux-x86_64-fedora-clang, r-devel-linux-x86_64-fedora-gcc, r-devel-windows-x86_64, r-patched-linux-x86_64, r-release-linux-x86_64, r-release-macos-arm64, r-release-macos-x86_64, r-release-windows-x86_64, r-oldrel-macos-arm64, r-oldrel-macos-x86_64, r-oldrel-windows-x86_64

Version: 1.1.5
Check: installed package size
Result: NOTE installed size is 10.2Mb sub-directories of 1Mb or more: libs 8.3Mb yacas 1.3Mb Flavors: r-oldrel-macos-arm64, r-oldrel-macos-x86_64

Version: 1.1.5
Check: package dependencies
Result: NOTE Package suggested but not available for checking: 'unix' Flavor: r-oldrel-windows-x86_64