Last updated on 2025-04-29 13:51:39 CEST.
Flavor | Version | Tinstall | Tcheck | Ttotal | Status | Flags |
---|---|---|---|---|---|---|
r-devel-linux-x86_64-debian-clang | 2.1 | 3.04 | 40.05 | 43.09 | NOTE | |
r-devel-linux-x86_64-debian-gcc | 2.1 | 2.29 | 27.01 | 29.30 | NOTE | |
r-devel-linux-x86_64-fedora-clang | 2.1 | 68.23 | OK | |||
r-devel-linux-x86_64-fedora-gcc | 2.1 | 66.51 | OK | |||
r-devel-windows-x86_64 | 2.1 | 4.00 | 54.00 | 58.00 | OK | |
r-patched-linux-x86_64 | 2.1 | 3.28 | 37.54 | 40.82 | OK | |
r-release-linux-x86_64 | 2.1 | 2.57 | 37.43 | 40.00 | OK | |
r-release-macos-arm64 | 2.1 | 22.00 | OK | |||
r-release-macos-x86_64 | 2.1 | 39.00 | OK | |||
r-release-windows-x86_64 | 2.1 | 4.00 | 55.00 | 59.00 | OK | |
r-oldrel-macos-arm64 | 2.1 | 20.00 | OK | |||
r-oldrel-macos-x86_64 | 2.1 | 39.00 | OK | |||
r-oldrel-windows-x86_64 | 2.1 | 4.00 | 52.00 | 56.00 | OK |
Version: 2.1
Check: CRAN incoming feasibility
Result: NOTE
Maintainer: ‘Asun Lubiano <lubiano@uniovi.es>’
No Authors@R field in DESCRIPTION.
Please add one, modifying
Authors@R: c(person(given = "Wolfgang",
family = "Trutschnig",
role = "aut",
email = "wolfgang@trutschnig.net"),
person(given = "Asun",
family = "Lubiano",
role = c("aut", "cre"),
email = "lubiano@uniovi.es"))
as necessary.
Flavors: r-devel-linux-x86_64-debian-clang, r-devel-linux-x86_64-debian-gcc
Version: 2.1
Check: examples
Result: NOTE
Examples with CPU (user + system) or elapsed time > 5s
user system elapsed
btestk.mean 5.818 0 7.237
Flavor: r-devel-linux-x86_64-debian-clang