Last updated on 2025-11-18 14:52:51 CET.
| Flavor | Version | Tinstall | Tcheck | Ttotal | Status | Flags |
|---|---|---|---|---|---|---|
| r-devel-linux-x86_64-debian-clang | 1.0.2 | 10.17 | 64.96 | 75.13 | NOTE | |
| r-devel-linux-x86_64-debian-gcc | 1.0.2 | 6.58 | 46.30 | 52.88 | NOTE | |
| r-devel-linux-x86_64-fedora-clang | 1.0.2 | 19.00 | 94.50 | 113.50 | OK | |
| r-devel-linux-x86_64-fedora-gcc | 1.0.2 | 20.00 | 84.85 | 104.85 | OK | |
| r-devel-windows-x86_64 | 1.0.2 | 15.00 | 78.00 | 93.00 | OK | |
| r-patched-linux-x86_64 | 1.0.2 | 9.71 | 60.06 | 69.77 | OK | |
| r-release-linux-x86_64 | 1.0.2 | 9.26 | 60.10 | 69.36 | OK | |
| r-release-macos-arm64 | 1.0.2 | 6.00 | 32.00 | 38.00 | OK | |
| r-release-macos-x86_64 | 1.0.2 | 13.00 | 57.00 | 70.00 | OK | |
| r-release-windows-x86_64 | 1.0.2 | 12.00 | 76.00 | 88.00 | OK | |
| r-oldrel-macos-arm64 | 1.0.2 | 6.00 | 30.00 | 36.00 | OK | |
| r-oldrel-macos-x86_64 | 1.0.2 | 9.00 | 63.00 | 72.00 | OK | |
| r-oldrel-windows-x86_64 | 1.0.2 | 17.00 | 94.00 | 111.00 | OK |
Version: 1.0.2
Check: CRAN incoming feasibility
Result: NOTE
Maintainer: ‘Yuwen Gu <yuwen.gu@uconn.edu>’
No Authors@R field in DESCRIPTION.
Please add one, modifying
Authors@R: c(person(given = "Yuwen",
family = "Gu",
role = c("aut", "cre"),
email = "yuwen.gu@uconn.edu"),
person(given = "Hui",
family = "Zou",
role = "aut",
email = "zouxx019@umn.edu"))
as necessary.
Flavors: r-devel-linux-x86_64-debian-clang, r-devel-linux-x86_64-debian-gcc