Last updated on 2025-11-16 18:49:43 CET.
| Flavor | Version | Tinstall | Tcheck | Ttotal | Status | Flags |
|---|---|---|---|---|---|---|
| r-devel-linux-x86_64-debian-clang | 1.0.6 | 23.08 | 207.32 | 230.40 | OK | |
| r-devel-linux-x86_64-debian-gcc | 1.0.6 | 14.94 | 147.93 | 162.87 | OK | |
| r-devel-linux-x86_64-fedora-clang | 1.0.6 | 217.00 | 168.94 | 385.94 | OK | |
| r-devel-linux-x86_64-fedora-gcc | 1.0.6 | 43.00 | 294.00 | 337.00 | OK | |
| r-devel-windows-x86_64 | 1.0.6 | 33.00 | 180.00 | 213.00 | OK | |
| r-patched-linux-x86_64 | 1.0.6 | 24.15 | 194.57 | 218.72 | OK | |
| r-release-linux-x86_64 | 1.0.6 | 20.82 | 197.60 | 218.42 | OK | |
| r-release-macos-arm64 | 1.0.6 | 5.00 | ERROR | |||
| r-release-macos-x86_64 | 1.0.6 | 7.00 | ERROR | |||
| r-release-windows-x86_64 | 1.0.6 | 25.00 | 182.00 | 207.00 | OK | |
| r-oldrel-macos-arm64 | 1.0.6 | 10.00 | ERROR | |||
| r-oldrel-macos-x86_64 | 1.0.6 | 11.00 | ERROR | |||
| r-oldrel-windows-x86_64 | 1.0.6 | 34.00 | 245.00 | 279.00 | OK |
Version: 1.0.6
Check: package dependencies
Result: ERROR
Packages required but not available:
'BSgenome.Hsapiens.UCSC.hg19', 'BSgenome.Hsapiens.UCSC.hg38'
See section ‘The DESCRIPTION file’ in the ‘Writing R Extensions’
manual.
Flavors: r-release-macos-arm64, r-release-macos-x86_64, r-oldrel-macos-arm64, r-oldrel-macos-x86_64