CRAN Package Check Results for Package SBSDiff

Last updated on 2025-04-29 13:51:39 CEST.

Flavor Version Tinstall Tcheck Ttotal Status Flags
r-devel-linux-x86_64-debian-clang 0.1.0 1.53 17.75 19.28 NOTE
r-devel-linux-x86_64-debian-gcc 0.1.0 1.33 14.46 15.79 NOTE
r-devel-linux-x86_64-fedora-clang 0.1.0 30.24 OK
r-devel-linux-x86_64-fedora-gcc 0.1.0 29.10 OK
r-devel-windows-x86_64 0.1.0 2.00 43.00 45.00 OK
r-patched-linux-x86_64 0.1.0 1.67 16.91 18.58 OK
r-release-linux-x86_64 0.1.0 1.56 17.16 18.72 OK
r-release-macos-arm64 0.1.0 16.00 OK
r-release-macos-x86_64 0.1.0 24.00 OK
r-release-windows-x86_64 0.1.0 3.00 44.00 47.00 OK
r-oldrel-macos-arm64 0.1.0 13.00 NOTE
r-oldrel-macos-x86_64 0.1.0 20.00 NOTE
r-oldrel-windows-x86_64 0.1.0 2.00 43.00 45.00 NOTE

Check Details

Version: 0.1.0
Check: CRAN incoming feasibility
Result: NOTE Maintainer: ‘Frank D. Mann <frankdmann@gmail.com>’ No Authors@R field in DESCRIPTION. Please add one, modifying Authors@R: person(given = c("Frank", "D."), family = "Mann", role = c("aut", "cre"), email = "frankdmann@gmail.com") as necessary. Flavors: r-devel-linux-x86_64-debian-clang, r-devel-linux-x86_64-debian-gcc

Version: 0.1.0
Check: LazyData
Result: NOTE 'LazyData' is specified without a 'data' directory Flavors: r-oldrel-macos-arm64, r-oldrel-macos-x86_64, r-oldrel-windows-x86_64