Last updated on 2025-11-16 12:49:43 CET.
| Flavor | Version | Tinstall | Tcheck | Ttotal | Status | Flags |
|---|---|---|---|---|---|---|
| r-devel-linux-x86_64-debian-clang | 3.0.0 | 17.99 | 203.86 | 221.85 | OK | |
| r-devel-linux-x86_64-debian-gcc | 3.0.0 | 11.12 | 139.42 | 150.54 | NOTE | |
| r-devel-linux-x86_64-fedora-clang | 3.0.0 | 91.00 | 303.21 | 394.21 | OK | |
| r-devel-linux-x86_64-fedora-gcc | 3.0.0 | 26.00 | 260.29 | 286.29 | OK | |
| r-devel-windows-x86_64 | 3.0.0 | 20.00 | 194.00 | 214.00 | OK | |
| r-patched-linux-x86_64 | 3.0.0 | 20.06 | 192.84 | 212.90 | OK | |
| r-release-linux-x86_64 | 3.0.0 | 16.39 | 196.06 | 212.45 | OK | |
| r-release-macos-arm64 | 3.0.0 | 6.00 | 73.00 | 79.00 | OK | |
| r-release-macos-x86_64 | 3.0.0 | 21.00 | 208.00 | 229.00 | OK | |
| r-release-windows-x86_64 | 3.0.0 | 16.00 | 189.00 | 205.00 | OK | |
| r-oldrel-macos-arm64 | 3.0.0 | 7.00 | 76.00 | 83.00 | OK | |
| r-oldrel-macos-x86_64 | 3.0.0 | 26.00 | 182.00 | 208.00 | OK | |
| r-oldrel-windows-x86_64 | 3.0.0 | 22.00 | 256.00 | 278.00 | OK |
Version: 3.0.0
Check: CRAN incoming feasibility
Result: NOTE
Maintainer: ‘Enrique Blanco-Carmona <scpubr@gmail.com>’
The BugReports field in DESCRIPTION has
https://github.com/enblacar/SCpubr/issues/
which should likely be
https://github.com/enblacar/SCpubr/issues/issues
instead.
Flavor: r-devel-linux-x86_64-debian-gcc