Last updated on 2025-11-16 12:49:44 CET.
| Flavor | Version | Tinstall | Tcheck | Ttotal | Status | Flags |
|---|---|---|---|---|---|---|
| r-devel-linux-x86_64-debian-clang | 0.2.0 | 12.83 | 157.65 | 170.48 | OK | |
| r-devel-linux-x86_64-debian-gcc | 0.2.0 | 8.92 | 109.87 | 118.79 | OK | |
| r-devel-linux-x86_64-fedora-clang | 0.2.0 | 75.00 | 195.69 | 270.69 | OK | |
| r-devel-linux-x86_64-fedora-gcc | 0.2.0 | 75.00 | 209.65 | 284.65 | OK | |
| r-devel-windows-x86_64 | 0.2.0 | 18.00 | 157.00 | 175.00 | OK | |
| r-patched-linux-x86_64 | 0.2.0 | 13.18 | 144.42 | 157.60 | OK | |
| r-release-linux-x86_64 | 0.2.0 | 10.92 | 147.56 | 158.48 | OK | |
| r-release-macos-arm64 | 0.2.0 | 6.00 | 70.00 | 76.00 | WARN | |
| r-release-macos-x86_64 | 0.2.0 | 11.00 | 139.00 | 150.00 | OK | |
| r-release-windows-x86_64 | 0.2.0 | 14.00 | 158.00 | 172.00 | OK | |
| r-oldrel-macos-arm64 | 0.2.0 | 6.00 | 75.00 | 81.00 | WARN | |
| r-oldrel-macos-x86_64 | 0.2.0 | 11.00 | 144.00 | 155.00 | OK | |
| r-oldrel-windows-x86_64 | 0.2.0 | 20.00 | 200.00 | 220.00 | OK |
Version: 0.2.0
Check: re-building of vignette outputs
Result: WARN
Error(s) in re-building vignettes:
--- re-building ‘SEI_vignette.Rnw’ using knitr
Error: processing vignette 'SEI_vignette.Rnw' failed with diagnostics:
Running 'texi2dvi' on 'SEI_vignette.tex' failed.
LaTeX errors:
!pdfTeX error: pdflatex (file bbm10): Font bbm10 at 657 not found
==> Fatal error occurred, no output PDF file produced!
--- failed re-building ‘SEI_vignette.Rnw’
SUMMARY: processing the following file failed:
‘SEI_vignette.Rnw’
Error: Vignette re-building failed.
Execution halted
Flavors: r-release-macos-arm64, r-oldrel-macos-arm64