Last updated on 2025-04-30 19:50:15 CEST.
Flavor | Version | Tinstall | Tcheck | Ttotal | Status | Flags |
---|---|---|---|---|---|---|
r-devel-linux-x86_64-debian-clang | 1.2.3 | 13.64 | 110.28 | 123.92 | NOTE | |
r-devel-linux-x86_64-debian-gcc | 1.2.3 | 9.25 | 77.27 | 86.52 | OK | |
r-devel-linux-x86_64-fedora-clang | 1.2.3 | 197.26 | OK | |||
r-devel-linux-x86_64-fedora-gcc | 1.2.3 | 193.72 | OK | |||
r-devel-windows-x86_64 | 1.2.3 | 14.00 | 124.00 | 138.00 | OK | |
r-patched-linux-x86_64 | 1.2.3 | 14.71 | 102.77 | 117.48 | OK | |
r-release-linux-x86_64 | 1.2.3 | 12.30 | 104.62 | 116.92 | OK | |
r-release-macos-arm64 | 1.2.3 | 63.00 | OK | |||
r-release-macos-x86_64 | 1.2.3 | 110.00 | OK | |||
r-release-windows-x86_64 | 1.2.3 | 15.00 | 124.00 | 139.00 | OK | |
r-oldrel-macos-arm64 | 1.2.3 | 59.00 | OK | |||
r-oldrel-macos-x86_64 | 1.2.3 | 105.00 | OK | |||
r-oldrel-windows-x86_64 | 1.2.3 | 19.00 | 152.00 | 171.00 | OK |
Version: 1.2.3
Check: examples
Result: NOTE
Examples with CPU (user + system) or elapsed time > 5s
user system elapsed
SEMbap 1.921 0.098 6.745
Flavor: r-devel-linux-x86_64-debian-clang