CRAN Package Check Results for Package SKAT

Last updated on 2025-11-16 06:49:55 CET.

Flavor Version Tinstall Tcheck Ttotal Status Flags
r-devel-linux-x86_64-debian-clang 2.2.5 30.20 173.79 203.99 NOTE
r-devel-linux-x86_64-debian-gcc 2.2.5 19.76 127.94 147.70 NOTE
r-devel-linux-x86_64-fedora-clang 2.2.5 87.00 262.03 349.03 OK
r-devel-linux-x86_64-fedora-gcc 2.2.5 68.00 272.59 340.59 OK
r-devel-windows-x86_64 2.2.5 45.00 212.00 257.00 OK
r-patched-linux-x86_64 2.2.5 28.71 177.23 205.94 OK
r-release-linux-x86_64 2.2.5 28.11 181.23 209.34 OK
r-release-macos-arm64 2.2.5 13.00 94.00 107.00 OK
r-release-macos-x86_64 2.2.5 21.00 194.00 215.00 OK
r-release-windows-x86_64 2.2.5 39.00 209.00 248.00 OK
r-oldrel-macos-arm64 2.2.5 13.00 84.00 97.00 OK
r-oldrel-macos-x86_64 2.2.5 15.00 151.00 166.00 OK
r-oldrel-windows-x86_64 2.2.5 49.00 258.00 307.00 OK

Check Details

Version: 2.2.5
Check: CRAN incoming feasibility
Result: NOTE Maintainer: ‘Seunggeun (Shawn) Lee <lee7801@snu.ac.kr>’ No Authors@R field in DESCRIPTION. Please add one, modifying Authors@R: c(person(given = "Seunggeun", family = "Lee", role = "aut", comment = "Shawn"), person(given = "Zhangchen", family = "Zhao", role = "aut"), person(given = c("with", "contributions", "from", "Larisa"), family = "Miropolsky", role = "aut"), person(given = "Michael", family = "Wu", role = "aut"), person(given = "Seunggeun", family = "Lee", role = "cre", email = "lee7801@snu.ac.kr", comment = "Shawn")) as necessary. Flavors: r-devel-linux-x86_64-debian-clang, r-devel-linux-x86_64-debian-gcc