Last updated on 2025-04-29 13:51:41 CEST.
Flavor | Version | Tinstall | Tcheck | Ttotal | Status | Flags |
---|---|---|---|---|---|---|
r-devel-linux-x86_64-debian-clang | 1.8 | 1.90 | 20.86 | 22.76 | NOTE | |
r-devel-linux-x86_64-debian-gcc | 1.8 | 1.52 | 16.89 | 18.41 | NOTE | |
r-devel-linux-x86_64-fedora-clang | 1.8 | 35.28 | OK | |||
r-devel-linux-x86_64-fedora-gcc | 1.8 | 33.44 | OK | |||
r-devel-windows-x86_64 | 1.8 | 3.00 | 46.00 | 49.00 | OK | |
r-patched-linux-x86_64 | 1.8 | 1.93 | 19.87 | 21.80 | OK | |
r-release-linux-x86_64 | 1.8 | 1.88 | 19.81 | 21.69 | OK | |
r-release-macos-arm64 | 1.8 | 19.00 | OK | |||
r-release-macos-x86_64 | 1.8 | 29.00 | OK | |||
r-release-windows-x86_64 | 1.8 | 4.00 | 46.00 | 50.00 | OK | |
r-oldrel-macos-arm64 | 1.8 | 16.00 | NOTE | |||
r-oldrel-macos-x86_64 | 1.8 | 24.00 | NOTE | |||
r-oldrel-windows-x86_64 | 1.8 | 4.00 | 45.00 | 49.00 | NOTE |
Version: 1.8
Check: CRAN incoming feasibility
Result: NOTE
Maintainer: ‘Ilana Trumble <itrumble@unc.edu>’
No Authors@R field in DESCRIPTION.
Please add one, modifying
Authors@R: c(person(given = "Michael",
family = "Hudgens",
role = "aut"),
person(given = "Ilana",
family = "Trumble",
role = c("aut", "cre"),
email = "itrumble@unc.edu"),
person(given = "Andrew",
family = "Allmon",
role = "aut"))
as necessary.
Flavors: r-devel-linux-x86_64-debian-clang, r-devel-linux-x86_64-debian-gcc
Version: 1.8
Check: LazyData
Result: NOTE
'LazyData' is specified without a 'data' directory
Flavors: r-oldrel-macos-arm64, r-oldrel-macos-x86_64, r-oldrel-windows-x86_64