Last updated on 2025-11-16 06:49:56 CET.
| Flavor | Version | Tinstall | Tcheck | Ttotal | Status | Flags |
|---|---|---|---|---|---|---|
| r-devel-linux-x86_64-debian-clang | 1.0.0 | 225.50 | 464.57 | 690.07 | OK | |
| r-devel-linux-x86_64-debian-gcc | 1.0.0 | 218.00 | 396.56 | 614.56 | OK | |
| r-devel-linux-x86_64-fedora-clang | 1.0.0 | 290.00 | 692.19 | 982.19 | OK | |
| r-devel-linux-x86_64-fedora-gcc | 1.0.0 | 383.00 | 931.88 | 1314.88 | OK | |
| r-devel-windows-x86_64 | 1.0.0 | 275.00 | 714.00 | 989.00 | OK | |
| r-patched-linux-x86_64 | 1.0.0 | 274.76 | 544.45 | 819.21 | OK | |
| r-release-linux-x86_64 | 1.0.0 | 270.62 | 541.07 | 811.69 | OK | |
| r-release-macos-arm64 | 1.0.0 | 100.00 | 171.00 | 271.00 | OK | |
| r-release-macos-x86_64 | 1.0.0 | 173.00 | 336.00 | 509.00 | OK | |
| r-release-windows-x86_64 | 1.0.0 | 264.00 | 747.00 | 1011.00 | OK | |
| r-oldrel-macos-arm64 | 1.0.0 | 95.00 | 165.00 | 260.00 | NOTE | |
| r-oldrel-macos-x86_64 | 1.0.0 | 152.00 | 259.00 | 411.00 | NOTE | |
| r-oldrel-windows-x86_64 | 1.0.0 | 297.00 | 598.00 | 895.00 | OK |
Version: 1.0.0
Check: installed package size
Result: NOTE
installed size is 53.2Mb
sub-directories of 1Mb or more:
extdata 1.2Mb
libs 51.3Mb
Flavors: r-oldrel-macos-arm64, r-oldrel-macos-x86_64
Version: 1.0.0
Check: for GNU extensions in Makefiles
Result: NOTE
GNU make is a SystemRequirements.
Flavors: r-oldrel-macos-arm64, r-oldrel-macos-x86_64