Last updated on 2025-10-03 10:49:49 CEST.
Flavor | Version | Tinstall | Tcheck | Ttotal | Status | Flags |
---|---|---|---|---|---|---|
r-devel-linux-x86_64-debian-clang | 1.4.0 | 3.69 | 57.15 | 60.84 | NOTE | |
r-devel-linux-x86_64-debian-gcc | 1.4.0 | 2.60 | 43.33 | 45.93 | NOTE | |
r-devel-linux-x86_64-fedora-clang | 1.4.0 | 96.44 | OK | |||
r-devel-linux-x86_64-fedora-gcc | 1.4.0 | 99.42 | OK | |||
r-devel-windows-x86_64 | 1.4.0 | 5.00 | 76.00 | 81.00 | OK | |
r-patched-linux-x86_64 | 1.4.0 | 4.75 | 54.52 | 59.27 | OK | |
r-release-linux-x86_64 | 1.4.0 | 3.47 | 53.46 | 56.93 | OK | |
r-release-macos-arm64 | 1.4.0 | 35.00 | OK | |||
r-release-macos-x86_64 | 1.4.0 | 63.00 | OK | |||
r-release-windows-x86_64 | 1.4.0 | 6.00 | 76.00 | 82.00 | OK | |
r-oldrel-macos-arm64 | 1.4.0 | 30.00 | OK | |||
r-oldrel-macos-x86_64 | 1.4.0 | 50.00 | OK | |||
r-oldrel-windows-x86_64 | 1.4.0 | 8.00 | 90.00 | 98.00 | OK |
Version: 1.4.0
Check: CRAN incoming feasibility
Result: NOTE
Maintainer: ‘Luis Benavides <luisbv@tec.mx>’
The Description field contains
(2019) <arXiv:1901.04443>.
Please refer to arXiv e-prints via their arXiv DOI <doi:10.48550/arXiv.YYMM.NNNNN>.
Flavors: r-devel-linux-x86_64-debian-clang, r-devel-linux-x86_64-debian-gcc